{"id":66,"date":"2012-06-05T11:38:38","date_gmt":"2012-06-05T10:38:38","guid":{"rendered":"http:\/\/paca.lpo.fr\/blogs\/pays-aix\/?page_id=66"},"modified":"2026-03-01T16:43:52","modified_gmt":"2026-03-01T15:43:52","slug":"contact","status":"publish","type":"page","link":"http:\/\/paca.lpo.fr\/blogs\/pays-aix\/contact\/","title":{"rendered":"Contact"},"content":{"rendered":"\n<h5 class=\"wp-block-heading\">Pour nous contacter utilisez le formulaire en lien ci-dessous<br><\/h5>\n\n\n\n<div class=\"wp-block-buttons is-content-justification-center is-layout-flex wp-container-core-buttons-is-layout-16018d1d wp-block-buttons-is-layout-flex\">\n<div class=\"wp-block-button\"><a class=\"wp-block-button__link wp-element-button\" href=\"https:\/\/paca.lpo.fr\/index.php?&amp;Itemid=4668\">FORMULAIRE DE CONTACT<\/a><\/div>\n<\/div>\n\n\n\n<p>R\u00e9unions du groupe tous les premiers lundi des mois de septembre \u00e0 Juin \u00e0 19 heure.<\/p>\n\n\n\n<p>Lieu de r\u00e9union \u00e0 Gardanne : Maison du peuple,&nbsp; Av. Leo Lagrange<\/p>\n\n\n\n<p>L\u2019acc\u00e8s se fait par la porte en haut du petit escalier \u00e0 gauche de l\u2019entr\u00e9e principale.<\/p>\n\n\n\n<h5 class=\"wp-block-heading has-large-font-size\"><strong>Pour nous contacter par mail: <\/strong><\/h5>\n\n\n\n<p>paysdaix@lpo.fr<\/p>\n\n\n\n<h5 class=\"wp-block-heading\">Pour nous contacter sur Facebook :<\/h5>\n\n\n\n<p><a href=\"https:\/\/www.facebook.com\/lpo.paca.groupe.local.aixpays\/\">https:\/\/www.facebook.com\/lpo.paca.groupe.local.aixpays\/<\/a><\/p>\n\n\n\n<h5 class=\"wp-block-heading\"><strong>Pour contacter le Centre R\u00e9gional de Soins&nbsp; de la Faune Sauvage<\/strong><\/h5>\n\n\n\n<p><a href=\"https:\/\/paca.lpo.fr\/soins-animaux\">https:\/\/paca.lpo.fr\/soins-animaux<\/a><\/p>\n\n\n\n<p>Tel : 04 65 09 02 20<\/p>\n\n\n\n<p><\/p>\n\n\n","protected":false},"excerpt":{"rendered":"<p>Pour nous contacter utilisez le formulaire en lien ci-dessous R\u00e9unions du groupe tous les premiers lundi des mois de septembre \u00e0 Juin \u00e0 19 heure. Lieu de r\u00e9union \u00e0 Gardanne : Maison du peuple,&nbsp; Av. Leo Lagrange L\u2019acc\u00e8s se fait par la porte en haut du petit escalier \u00e0 gauche de l\u2019entr\u00e9e principale. Pour nous [&hellip;]<\/p>\n","protected":false},"author":1,"featured_media":0,"parent":0,"menu_order":2,"comment_status":"closed","ping_status":"closed","template":"","meta":{"footnotes":""},"class_list":["post-66","page","type-page","status-publish","hentry"],"_links":{"self":[{"href":"http:\/\/paca.lpo.fr\/blogs\/pays-aix\/wp-json\/wp\/v2\/pages\/66","targetHints":{"allow":["GET"]}}],"collection":[{"href":"http:\/\/paca.lpo.fr\/blogs\/pays-aix\/wp-json\/wp\/v2\/pages"}],"about":[{"href":"http:\/\/paca.lpo.fr\/blogs\/pays-aix\/wp-json\/wp\/v2\/types\/page"}],"author":[{"embeddable":true,"href":"http:\/\/paca.lpo.fr\/blogs\/pays-aix\/wp-json\/wp\/v2\/users\/1"}],"replies":[{"embeddable":true,"href":"http:\/\/paca.lpo.fr\/blogs\/pays-aix\/wp-json\/wp\/v2\/comments?post=66"}],"version-history":[{"count":3,"href":"http:\/\/paca.lpo.fr\/blogs\/pays-aix\/wp-json\/wp\/v2\/pages\/66\/revisions"}],"predecessor-version":[{"id":1896,"href":"http:\/\/paca.lpo.fr\/blogs\/pays-aix\/wp-json\/wp\/v2\/pages\/66\/revisions\/1896"}],"wp:attachment":[{"href":"http:\/\/paca.lpo.fr\/blogs\/pays-aix\/wp-json\/wp\/v2\/media?parent=66"}],"curies":[{"name":"wp","href":"https:\/\/api.w.org\/{rel}","templated":true}]}}

<h5 class="wp-block-heading">Pour nous contacter utilisez le formulaire en lien ci-dessous<br></h5>



<div class="wp-block-buttons is-content-justification-center is-layout-flex wp-container-core-buttons-is-layout-16018d1d wp-block-buttons-is-layout-flex">
<div class="wp-block-button"><a class="wp-block-button__link wp-element-button" href="https://paca.lpo.fr/index.php?&amp;Itemid=4668">FORMULAIRE DE CONTACT</a></div>
</div>



<p>Réunions du groupe tous les premiers lundi des mois de septembre à Juin à 19 heure.</p>



<p>Lieu de réunion à Gardanne : Maison du peuple,&nbsp; Av. Leo Lagrange</p>



<p>L’accès se fait par la porte en haut du petit escalier à gauche de l’entrée principale.</p>



<h5 class="wp-block-heading has-large-font-size"><strong>Pour nous contacter par mail: </strong></h5>



<p>paysdaix@lpo.fr</p>



<h5 class="wp-block-heading">Pour nous contacter sur Facebook :</h5>



<p><a href="https://www.facebook.com/lpo.paca.groupe.local.aixpays/">https://www.facebook.com/lpo.paca.groupe.local.aixpays/</a></p>



<h5 class="wp-block-heading"><strong>Pour contacter le Centre Régional de Soins&nbsp; de la Faune Sauvage</strong></h5>



<p><a href="https://paca.lpo.fr/soins-animaux">https://paca.lpo.fr/soins-animaux</a></p>



<p>Tel : 04 65 09 02 20</p>



<p></p>

<p>Pour nous contacter utilisez le formulaire en lien ci-dessous Réunions du groupe tous les premiers lundi des mois de septembre à Juin à 19 heure. Lieu de réunion à Gardanne : Maison du peuple,&nbsp; Av. Leo Lagrange L’accès se fait par la porte en haut du petit escalier à gauche de l’entrée principale. Pour nous [&hellip;]</p>
