{"id":2,"date":"2013-10-16T12:30:26","date_gmt":"2013-10-16T11:30:26","guid":{"rendered":"https:\/\/paca.lpo.fr\/blogs\/embrunais-pays-des-ecrins\/?page_id=2"},"modified":"2026-04-15T14:50:43","modified_gmt":"2026-04-15T13:50:43","slug":"presentation","status":"publish","type":"page","link":"https:\/\/paca.lpo.fr\/blogs\/embrunais-pays-des-ecrins\/presentation\/","title":{"rendered":"\u00c9crins-Embrunais et Pays des \u00c9crins"},"content":{"rendered":"\n\n<h3><strong>Qui sommes-nous ?<br \/><\/strong><\/h3>\n<p>Le groupe \u00c9crins-Embrunais est n\u00e9 en 2013 et le groupe Pays des \u00c9crins \u00e0 l&rsquo;automne 2019.<\/p>\n<p>Certains membres sont n\u00e9ophytes, d\u2019autres ont des connaissances ornithologiques avanc\u00e9es.<\/p>\n<p>Rejoignez-nous il y a de la place pour tous\u00a0!<\/p>\n<p><a href=\"https:\/\/paca.lpo.fr\/blogs\/embrunais-pays-des-ecrins\/files\/2022\/01\/capture-decran-2022-01-17-a-15.36.27.jpg\"><img loading=\"lazy\" decoding=\"async\" class=\"alignnone size-full wp-image-2157\" src=\"https:\/\/paca.lpo.fr\/blogs\/embrunais-pays-des-ecrins\/files\/2022\/01\/capture-decran-2022-01-17-a-15.36.27.jpg\" alt=\"\" width=\"1024\" height=\"687\" srcset=\"https:\/\/paca.lpo.fr\/blogs\/embrunais-pays-des-ecrins\/files\/2022\/01\/capture-decran-2022-01-17-a-15.36.27.jpg 1024w, https:\/\/paca.lpo.fr\/blogs\/embrunais-pays-des-ecrins\/files\/2022\/01\/capture-decran-2022-01-17-a-15.36.27-300x201.jpg 300w, https:\/\/paca.lpo.fr\/blogs\/embrunais-pays-des-ecrins\/files\/2022\/01\/capture-decran-2022-01-17-a-15.36.27-768x515.jpg 768w\" sizes=\"auto, (max-width: 1024px) 100vw, 1024px\" \/><\/a><\/p>\n<h6>Groupe Local LPO \u00c9crins Embrunais<\/h6>\n<p><a href=\"mailto:ecrins-embrunais@lpo.fr\">ecrins-embrunais@lpo.fr<\/a><\/p>\n<h6>Groupe Local LPO Pays des \u00c9crins<\/h6>\n<p><a href=\"mailto:pays.des.ecrins@lpo.fr\">pays.des.ecrins@lpo.fr<\/a><\/p>\n\n\n<hr class=\"wp-block-separator has-css-opacity\" \/>\n\n\n\n<h3><strong>Secteur d&rsquo;intervention<br><\/strong><\/h3>\n<p>L&rsquo;Embrunais, le Guillestrois et le Pays des \u00c9crins\u2026 et \u00e9ventuellement bien plus loin pour nos sorties nature.<br>Mais\u2026 les barri\u00e8res ne sont pas faites pour la Nature.<br>Particularit\u00e9 de ce secteur : C\u2019est une r\u00e9gion montagneuse incluant plusieurs milieux tr\u00e8s diff\u00e9rents : l\u2019altitude va de 800 m \u00e0 3 000 m. Montagnes, eaux vives (Durance, petits ou grands torrents un peu partout), le grand lac de Serre-Pon\u00e7on,<br>le Parc National des \u00c9crins\u2026<br>La vall\u00e9e de la Durance est un axe migratoire important.<\/p>\n<p>&nbsp;<\/p>\n\n\n\n<hr class=\"wp-block-separator has-css-opacity\" \/>\n\n\n\n<h3>N<strong>os activit\u00e9s<br><\/strong><\/h3>\n<ul>\n<li>Sorties oiseaux ou nature, ouvertes au public<\/li>\n<li>Sensibilisation \u00e0 la protection et au respect de la nature<\/li>\n<li>Fabrication et pose de nichoirs et de mangeoires<\/li>\n<li>Participation aux comptages d\u2019oiseaux<\/li>\n<li>Participation aux inventaires naturalistes<\/li>\n<li>Surveillance et vigilance \u00e0 propos des menaces sur la faune, la flore, l\u2019environnement (sauvetage des crapauds sur la commune de R\u00e9otier, 2 \u00e9curoducs install\u00e9s : Baratier et Risoul, nettoyage des cours d&rsquo;eau : <a href=\"https:\/\/paca.lpo.fr\/blogs\/embrunais-pays-des-ecrins\/pollution-plastique-serre-poncon\/\">https:\/\/paca.lpo.fr\/blogs\/embrunais-pays-des-ecrins\/pollution-plastique-serre-poncon\/<\/a>\u2026)<\/li>\n<li>Organisation pour le grand public de conf\u00e9rences, expos\u00e9s et diaporamas grand public sur la nature<\/li>\n<li>Surveillance du respect des nids d\u2019hirondelles et incitation \u00e0 la pose de nichoirs<\/li>\n<li>Enrichissement de la base de donn\u00e9es de la LPO PACA \u00ab&nbsp;<a href=\"http:\/\/www.faune-paca.org\/\" target=\"_blank\" rel=\"noopener noreferrer\">faune-paca.org<\/a>&nbsp;\u00bb<\/li>\n<li>Encouragement \u00e0 l\u2019implantation de refuges LPO<\/li>\n<li>\u00c9change avec les groupes voisins et les associations naturalistes<\/li>\n<li>Collaboration avec le <a href=\"http:\/\/www.ecrins-parcnational.fr\/\" target=\"_blank\" rel=\"noopener noreferrer\">Parc National des \u00c9crins<\/a> (observations, comptages, informations de toute nature)<\/li>\n<li>Et bien s\u00fbr, am\u00e9lioration de nos propres connaissances naturalistes<\/li>\n<li>Partage, diffusion de ces connaissances<\/li>\n<\/ul>\n<p>&nbsp;<\/p>\n\n\n\n<h3><strong>Mais aussi\u2026<\/strong><\/h3>\n<ul>\n<li>Sensibilisation des communes au concept de la Trame Verte et Bleue (TVB) <em>Concept \u00e9cologique majeur prenant en compte, pour la protection de la Nature, la pr\u00e9servation des niches \u00e9cologiques (r\u00e9serves, \u00e9cosyst\u00e8mes int\u00e9ressants ou essentiels par exemple) mais aussi des corridors \u00e9cologiques servant d&rsquo;axes d\u2019\u00e9changes entre ces n\u0153uds.<\/em><\/li>\n<li>Aide \u00e0 la promotion du <a title=\"Centre de Soins de la Faune Sauvage\" href=\"http:\/\/www.centresoins0504.fr\/\" target=\"_blank\" rel=\"noopener noreferrer\">Centre de Soin de la Faune Sauvage<\/a> de Plan-de-Vitrolles<\/li>\n<\/ul>\n\n\n\n<hr class=\"wp-block-separator has-css-opacity\" \/>\n\n\n\n<h3><strong>Pourquoi et comment nous rejoindre ?<br><\/strong><\/h3>\n<p>Si vous avez une comp\u00e9tence ou aucune, ou simplement une passion touchant de pr\u00e8s ou de loin les oiseaux ou les autres animaux (insectes, mammif\u00e8res, rongeurs\u2026), les petites fleurs aux yeux bleus\u2026<br>si vous voulez \u00eatre inform\u00e9 r\u00e9guli\u00e8rement de nos activit\u00e9s et en savoir toujours plus,<br>si vous avez de la sympathie pour le monde associatif<br>ou voulez simplement passer des moments conviviaux en pleine Nature\u2026<br>Oui, contactez-nous (voir la page \u00ab&nbsp;contact&nbsp;\u00bb).<\/p>\n<p>&nbsp;<\/p>\n\n\n\n<h3 class=\"wp-block-heading\">R\u00e9unions<\/h3>\n\n\n\n<p><strong>Groupe \u00c9crins-Embrunais<\/strong><\/p>\n\n\n\n<p>Le premier mardi de chaque mois \u00e0 18 h 30<br>\u00e0 la Maison du Parc de Ch\u00e2teauroux les Alpes<\/p>\n\n\n\n<p><\/p>\n\n\n\n<h4 class=\"wp-block-heading\"><strong>Retrouvez-nous aussi sur facebook<\/strong><\/h4>\n\n\n\n<figure class=\"wp-block-embed\"><div class=\"wp-block-embed__wrapper\">\nhttps:\/\/www.facebook.com\/lpoembrun\n<\/div><\/figure>\n","protected":false},"excerpt":{"rendered":"<p>Qui sommes-nous ? Le groupe \u00c9crins-Embrunais est n\u00e9 en 2013 et le groupe Pays des \u00c9crins \u00e0 l&rsquo;automne 2019. Certains membres sont n\u00e9ophytes, d\u2019autres ont des connaissances ornithologiques avanc\u00e9es. Rejoignez-nous il y a de la place pour tous\u00a0! Groupe Local LPO \u00c9crins Embrunais ecrins-embrunais@lpo.fr Groupe Local LPO Pays des \u00c9crins pays.des.ecrins@lpo.fr R\u00e9unions Groupe \u00c9crins-Embrunais Le [&hellip;]<\/p>\n","protected":false},"author":3,"featured_media":2157,"parent":0,"menu_order":0,"comment_status":"closed","ping_status":"closed","template":"","meta":{"footnotes":""},"class_list":["post-2","page","type-page","status-publish","has-post-thumbnail","hentry"],"_links":{"self":[{"href":"https:\/\/paca.lpo.fr\/blogs\/embrunais-pays-des-ecrins\/wp-json\/wp\/v2\/pages\/2","targetHints":{"allow":["GET"]}}],"collection":[{"href":"https:\/\/paca.lpo.fr\/blogs\/embrunais-pays-des-ecrins\/wp-json\/wp\/v2\/pages"}],"about":[{"href":"https:\/\/paca.lpo.fr\/blogs\/embrunais-pays-des-ecrins\/wp-json\/wp\/v2\/types\/page"}],"author":[{"embeddable":true,"href":"https:\/\/paca.lpo.fr\/blogs\/embrunais-pays-des-ecrins\/wp-json\/wp\/v2\/users\/3"}],"replies":[{"embeddable":true,"href":"https:\/\/paca.lpo.fr\/blogs\/embrunais-pays-des-ecrins\/wp-json\/wp\/v2\/comments?post=2"}],"version-history":[{"count":4,"href":"https:\/\/paca.lpo.fr\/blogs\/embrunais-pays-des-ecrins\/wp-json\/wp\/v2\/pages\/2\/revisions"}],"predecessor-version":[{"id":2798,"href":"https:\/\/paca.lpo.fr\/blogs\/embrunais-pays-des-ecrins\/wp-json\/wp\/v2\/pages\/2\/revisions\/2798"}],"wp:featuredmedia":[{"embeddable":true,"href":"https:\/\/paca.lpo.fr\/blogs\/embrunais-pays-des-ecrins\/wp-json\/wp\/v2\/media\/2157"}],"wp:attachment":[{"href":"https:\/\/paca.lpo.fr\/blogs\/embrunais-pays-des-ecrins\/wp-json\/wp\/v2\/media?parent=2"}],"curies":[{"name":"wp","href":"https:\/\/api.w.org\/{rel}","templated":true}]}}