{"id":6,"date":"2011-01-15T12:57:39","date_gmt":"2011-01-15T11:57:39","guid":{"rendered":"http:\/\/paca.lpo.fr\/blogs\/etang-berre-est\/?page_id=2"},"modified":"2015-09-27T08:51:24","modified_gmt":"2015-09-27T07:51:24","slug":"presentation","status":"publish","type":"page","link":"https:\/\/paca.lpo.fr\/blogs\/etang-berre-est\/presentation\/","title":{"rendered":"Groupe Local Rives Etang de Berre Est"},"content":{"rendered":"<h1>Pr\u00e9sentation du groupe<\/h1>\n<p>Le Gr\u00e8be compte une cinquantaine de b\u00e9n\u00e9voles, r\u00e9unis par une liste de discussion o\u00f9 l&rsquo;on \u00e9change des informations naturalistes locales.<\/p>\n<p>La situation g\u00e9ographique de son territoire apporte une grande diversit\u00e9 \u00e9cologique : des zones humides (salins du Lion, marais de la T\u00eate noire) jusqu&rsquo;aux collines du plateau de l&rsquo;Arbois, en passant par les parcs urbains de la ville de Vitrolles. Un sentier ornithologique a \u00e9t\u00e9 trac\u00e9 sur le plateau de Magenta, \u00e0 Vitrolles.<\/p>\n<h1>Activit\u00e9s principales<\/h1>\n<p>Au-del\u00e0 de sa mission principale de d\u00e9fense de la bio-diversit\u00e9, le groupe organise des sorties nature, des permanences ornithologiques r\u00e9guli\u00e8res et des conf\u00e9rences.<\/p>\n<p>Une liste de discussion sur Internet permet des \u00e9changes en temps r\u00e9el.<\/p>\n<p>Les b\u00e9n\u00e9voles relaient localement des \u00e9v\u00e8nements r\u00e9gionaux, nationaux ou internationaux. Ils sont pr\u00e9sents lors des manifestions locales afin de sensibiliser le public. Ils participent aux comptages d\u2019oiseaux d\u2019eau, notamment des flamants. Les observations quotidiennes sont valoris\u00e9es sur le site Faune Paca et alimentent le futur Atlas national des oiseaux nicheurs.<\/p>\n<p>Certains d&rsquo;entre nous sont agr\u00e9es pour l&rsquo;acheminement d&rsquo;animaux sauvages bless\u00e9s\u00a0 jusqu&rsquo;au centre de soins de Buoux.<\/p>\n<h1>R\u00e9unions mensuelles<\/h1>\n<p>En-dehors des vacances d&rsquo;\u00e9t\u00e9, une r\u00e9union de concertation se\u00a0tient \u00a0g\u00e9n\u00e9ralement le troisi\u00e8me mercredi de chaque mois, \u00e0 18h 15, \u00e0 la maison de quartier des Vignettes, Rue Robert An\u00e9 \u00e0 Vitrolles. Vous \u00eates bienvenu(e)s.<\/p>\n","protected":false},"excerpt":{"rendered":"<p>Pr\u00e9sentation du groupe Le Gr\u00e8be compte une cinquantaine de b\u00e9n\u00e9voles, r\u00e9unis par une liste de discussion o\u00f9 l&rsquo;on \u00e9change des informations naturalistes locales. La situation g\u00e9ographique de son territoire apporte une grande diversit\u00e9 \u00e9cologique : des zones humides (salins du Lion, marais de la T\u00eate noire) jusqu&rsquo;aux collines du plateau de l&rsquo;Arbois, en passant par [&hellip;]<\/p>\n","protected":false},"author":1,"featured_media":0,"parent":0,"menu_order":1,"comment_status":"closed","ping_status":"closed","template":"","meta":{"footnotes":""},"class_list":["post-6","page","type-page","status-publish","hentry"],"_links":{"self":[{"href":"https:\/\/paca.lpo.fr\/blogs\/etang-berre-est\/wp-json\/wp\/v2\/pages\/6","targetHints":{"allow":["GET"]}}],"collection":[{"href":"https:\/\/paca.lpo.fr\/blogs\/etang-berre-est\/wp-json\/wp\/v2\/pages"}],"about":[{"href":"https:\/\/paca.lpo.fr\/blogs\/etang-berre-est\/wp-json\/wp\/v2\/types\/page"}],"author":[{"embeddable":true,"href":"https:\/\/paca.lpo.fr\/blogs\/etang-berre-est\/wp-json\/wp\/v2\/users\/1"}],"replies":[{"embeddable":true,"href":"https:\/\/paca.lpo.fr\/blogs\/etang-berre-est\/wp-json\/wp\/v2\/comments?post=6"}],"version-history":[{"count":3,"href":"https:\/\/paca.lpo.fr\/blogs\/etang-berre-est\/wp-json\/wp\/v2\/pages\/6\/revisions"}],"predecessor-version":[{"id":169,"href":"https:\/\/paca.lpo.fr\/blogs\/etang-berre-est\/wp-json\/wp\/v2\/pages\/6\/revisions\/169"}],"wp:attachment":[{"href":"https:\/\/paca.lpo.fr\/blogs\/etang-berre-est\/wp-json\/wp\/v2\/media?parent=6"}],"curies":[{"name":"wp","href":"https:\/\/api.w.org\/{rel}","templated":true}]}}