{"id":9,"date":"2012-05-11T13:45:31","date_gmt":"2012-05-11T12:45:31","guid":{"rendered":"http:\/\/paca.lpo.fr\/blogs\/etang-berre-est\/?page_id=9"},"modified":"2025-05-07T10:13:32","modified_gmt":"2025-05-07T09:13:32","slug":"contacts","status":"publish","type":"page","link":"https:\/\/paca.lpo.fr\/blogs\/etang-berre-est\/contacts\/","title":{"rendered":"Contact"},"content":{"rendered":"<blockquote>\n<p>Philippe Chabanon<br \/>T\u00e9l. : 06 09 15 65 60<br \/>Mail grebe@lpo.fr<br \/>(mail \u00e0 privil\u00e9gier momentan\u00e9ment, le formulaire \u00e9tant en cours de modification)<\/p>\n<\/blockquote>\n\n\n<div class=\"wp-block-buttons is-content-justification-center is-layout-flex wp-container-core-buttons-is-layout-16018d1d wp-block-buttons-is-layout-flex\">\n<div class=\"wp-block-button\"><a class=\"wp-block-button__link wp-element-button\" href=\"https:\/\/paca.lpo.fr\/index.php?&amp;Itemid=4659\">FORMULAIRE DE CONTACT<\/a><\/div>\n<\/div>\n\n\n\n<p><\/p>\n","protected":false},"excerpt":{"rendered":"<p>Philippe ChabanonT\u00e9l. : 06 09 15 65 60Mail grebe@lpo.fr(mail \u00e0 privil\u00e9gier momentan\u00e9ment, le formulaire \u00e9tant en cours de modification)<\/p>\n","protected":false},"author":1,"featured_media":0,"parent":0,"menu_order":2,"comment_status":"closed","ping_status":"closed","template":"","meta":{"footnotes":""},"class_list":["post-9","page","type-page","status-publish","hentry"],"_links":{"self":[{"href":"https:\/\/paca.lpo.fr\/blogs\/etang-berre-est\/wp-json\/wp\/v2\/pages\/9","targetHints":{"allow":["GET"]}}],"collection":[{"href":"https:\/\/paca.lpo.fr\/blogs\/etang-berre-est\/wp-json\/wp\/v2\/pages"}],"about":[{"href":"https:\/\/paca.lpo.fr\/blogs\/etang-berre-est\/wp-json\/wp\/v2\/types\/page"}],"author":[{"embeddable":true,"href":"https:\/\/paca.lpo.fr\/blogs\/etang-berre-est\/wp-json\/wp\/v2\/users\/1"}],"replies":[{"embeddable":true,"href":"https:\/\/paca.lpo.fr\/blogs\/etang-berre-est\/wp-json\/wp\/v2\/comments?post=9"}],"version-history":[{"count":4,"href":"https:\/\/paca.lpo.fr\/blogs\/etang-berre-est\/wp-json\/wp\/v2\/pages\/9\/revisions"}],"predecessor-version":[{"id":506,"href":"https:\/\/paca.lpo.fr\/blogs\/etang-berre-est\/wp-json\/wp\/v2\/pages\/9\/revisions\/506"}],"wp:attachment":[{"href":"https:\/\/paca.lpo.fr\/blogs\/etang-berre-est\/wp-json\/wp\/v2\/media?parent=9"}],"curies":[{"name":"wp","href":"https:\/\/api.w.org\/{rel}","templated":true}]}}