{"id":2,"date":"2016-03-21T14:06:34","date_gmt":"2016-03-21T13:06:34","guid":{"rendered":"http:\/\/paca.lpo.fr\/blogs\/largue-verdon-durance\/?page_id=2"},"modified":"2025-05-07T10:43:47","modified_gmt":"2025-05-07T09:43:47","slug":"page-d-exemple","status":"publish","type":"page","link":"https:\/\/paca.lpo.fr\/blogs\/largue-verdon-durance\/page-d-exemple\/","title":{"rendered":"Le groupe Largue Verdon Durance&#8230;"},"content":{"rendered":"<p><strong><span style=\"font-size: large;\"><u><img loading=\"lazy\" decoding=\"async\" class=\"aligncenter size-large wp-image-77\" src=\"https:\/\/paca.lpo.fr\/blogs\/largue-verdon-durance\/files\/2016\/03\/bandeau4-1024x150.jpg\" alt=\"\" width=\"660\" height=\"97\" srcset=\"https:\/\/paca.lpo.fr\/blogs\/largue-verdon-durance\/files\/2016\/03\/bandeau4-1024x150.jpg 1024w, https:\/\/paca.lpo.fr\/blogs\/largue-verdon-durance\/files\/2016\/03\/bandeau4-300x44.jpg 300w, https:\/\/paca.lpo.fr\/blogs\/largue-verdon-durance\/files\/2016\/03\/bandeau4-768x113.jpg 768w, https:\/\/paca.lpo.fr\/blogs\/largue-verdon-durance\/files\/2016\/03\/bandeau4-700x103.jpg 700w, https:\/\/paca.lpo.fr\/blogs\/largue-verdon-durance\/files\/2016\/03\/bandeau4.jpg 1200w\" sizes=\"auto, (max-width: 660px) 100vw, 660px\" \/><\/u><\/span><\/strong><span style=\"font-size: medium;\">Le groupe local Largue-Verdon-Durance de la LPO PACA, cr\u00e9\u00e9 en 2016, est compos\u00e9 d&rsquo;une vingtaine de participants, venant d&rsquo;une dizaine de communes .Il se r\u00e9unit une fois par mois. Son territoire s&rsquo;\u00e9tend sur 38 communes du sud des Alpes de Haute Provence et du nord du Var.<\/span><\/p>\n<p><a href=\"https:\/\/paca.lpo.fr\/blogs\/largue-verdon-durance\/files\/2016\/12\/cadarache2.jpg\"><img loading=\"lazy\" decoding=\"async\" class=\"aligncenter wp-image-34 size-full\" src=\"https:\/\/paca.lpo.fr\/blogs\/largue-verdon-durance\/files\/2016\/12\/cadarache2.jpg\" alt=\"\" width=\"800\" height=\"532\" srcset=\"https:\/\/paca.lpo.fr\/blogs\/largue-verdon-durance\/files\/2016\/12\/cadarache2.jpg 800w, https:\/\/paca.lpo.fr\/blogs\/largue-verdon-durance\/files\/2016\/12\/cadarache2-300x200.jpg 300w, https:\/\/paca.lpo.fr\/blogs\/largue-verdon-durance\/files\/2016\/12\/cadarache2-768x511.jpg 768w, https:\/\/paca.lpo.fr\/blogs\/largue-verdon-durance\/files\/2016\/12\/cadarache2-700x466.jpg 700w\" sizes=\"auto, (max-width: 800px) 100vw, 800px\" \/><\/a><\/p>\n<p style=\"text-align: justify;\">Les b\u00e9n\u00e9voles du groupe mettent en commun leurs diff\u00e9rentes comp\u00e9tences (ornithologique, botaniques, marines, informatiques) pour proposer de multiples activit\u00e9s : &#8211; enqu\u00eates rapaces &#8211; suivis hirondelles et oiseaux d&rsquo;eau &#8211; sorties nature &#8211; animations et stands pour la sensibilisation du public lors d&rsquo;\u00e9v\u00e8nements locaux, r\u00e9gionaux, nationaux ou internationaux.<\/p>\n<p><a href=\"https:\/\/paca.lpo.fr\/blogs\/largue-verdon-durance\/files\/2016\/03\/mesange-bleue10.jpg\"><img loading=\"lazy\" decoding=\"async\" class=\"aligncenter wp-image-79 size-full\" src=\"https:\/\/paca.lpo.fr\/blogs\/largue-verdon-durance\/files\/2016\/03\/mesange-bleue10.jpg\" alt=\"\" width=\"621\" height=\"621\" srcset=\"https:\/\/paca.lpo.fr\/blogs\/largue-verdon-durance\/files\/2016\/03\/mesange-bleue10.jpg 621w, https:\/\/paca.lpo.fr\/blogs\/largue-verdon-durance\/files\/2016\/03\/mesange-bleue10-150x150.jpg 150w, https:\/\/paca.lpo.fr\/blogs\/largue-verdon-durance\/files\/2016\/03\/mesange-bleue10-300x300.jpg 300w, https:\/\/paca.lpo.fr\/blogs\/largue-verdon-durance\/files\/2016\/03\/mesange-bleue10-144x144.jpg 144w, https:\/\/paca.lpo.fr\/blogs\/largue-verdon-durance\/files\/2016\/03\/mesange-bleue10-432x432.jpg 432w, https:\/\/paca.lpo.fr\/blogs\/largue-verdon-durance\/files\/2016\/03\/mesange-bleue10-268x268.jpg 268w\" sizes=\"auto, (max-width: 621px) 100vw, 621px\" \/><\/a><\/p>\n<p style=\"text-align: justify;\">Le groupe d\u00e9veloppe le r\u00e9seau des Refuges LPO, et participe au r\u00e9seau d&rsquo;acheminements des animaux bless\u00e9s vers les centres de soins.\u00a0Les observations des participants sont valoris\u00e9es dans la base de donn\u00e9es \u00ab\u00a0faune-paca\u00a0\u00bb.<\/p>\n<p style=\"text-align: justify;\">Si vous avez envie de vous investir dans la protection de la nature, venez nous rejoindre.<\/p>\n\n\n<div class=\"wp-block-buttons is-content-justification-center is-layout-flex wp-container-core-buttons-is-layout-16018d1d wp-block-buttons-is-layout-flex\">\n<div class=\"wp-block-button\"><a class=\"wp-block-button__link wp-element-button\" href=\"https:\/\/paca.lpo.fr\/index.php?&amp;Itemid=4661\">FORMULAIRE DE CONTACT<\/a><\/div>\n<\/div>\n","protected":false},"excerpt":{"rendered":"<p>Le groupe local Largue-Verdon-Durance de la LPO PACA, cr\u00e9\u00e9 en 2016, est compos\u00e9 d&rsquo;une vingtaine de participants, venant d&rsquo;une dizaine de communes .Il se r\u00e9unit une fois par mois. Son territoire s&rsquo;\u00e9tend sur 38 communes du sud des Alpes de Haute Provence et du nord du Var. Les b\u00e9n\u00e9voles du groupe mettent en commun leurs [&hellip;]<\/p>\n","protected":false},"author":1,"featured_media":0,"parent":0,"menu_order":0,"comment_status":"closed","ping_status":"open","template":"","meta":{"footnotes":""},"class_list":["post-2","page","type-page","status-publish","hentry"],"_links":{"self":[{"href":"https:\/\/paca.lpo.fr\/blogs\/largue-verdon-durance\/wp-json\/wp\/v2\/pages\/2","targetHints":{"allow":["GET"]}}],"collection":[{"href":"https:\/\/paca.lpo.fr\/blogs\/largue-verdon-durance\/wp-json\/wp\/v2\/pages"}],"about":[{"href":"https:\/\/paca.lpo.fr\/blogs\/largue-verdon-durance\/wp-json\/wp\/v2\/types\/page"}],"author":[{"embeddable":true,"href":"https:\/\/paca.lpo.fr\/blogs\/largue-verdon-durance\/wp-json\/wp\/v2\/users\/1"}],"replies":[{"embeddable":true,"href":"https:\/\/paca.lpo.fr\/blogs\/largue-verdon-durance\/wp-json\/wp\/v2\/comments?post=2"}],"version-history":[{"count":3,"href":"https:\/\/paca.lpo.fr\/blogs\/largue-verdon-durance\/wp-json\/wp\/v2\/pages\/2\/revisions"}],"predecessor-version":[{"id":1741,"href":"https:\/\/paca.lpo.fr\/blogs\/largue-verdon-durance\/wp-json\/wp\/v2\/pages\/2\/revisions\/1741"}],"wp:attachment":[{"href":"https:\/\/paca.lpo.fr\/blogs\/largue-verdon-durance\/wp-json\/wp\/v2\/media?parent=2"}],"curies":[{"name":"wp","href":"https:\/\/api.w.org\/{rel}","templated":true}]}}