{"id":3024,"date":"2023-09-10T22:50:18","date_gmt":"2023-09-10T21:50:18","guid":{"rendered":"https:\/\/paca.lpo.fr\/blogs\/luberon-monts-de-vaucluse\/?page_id=3024"},"modified":"2026-01-30T21:19:56","modified_gmt":"2026-01-30T20:19:56","slug":"reglementation-de-la-chasse-en-vaucluse","status":"publish","type":"page","link":"https:\/\/paca.lpo.fr\/blogs\/luberon-monts-de-vaucluse\/defense-et-protection-de-la-nature\/reglementation-de-la-chasse-en-vaucluse\/","title":{"rendered":"R\u00e9glementation de la chasse en Vaucluse"},"content":{"rendered":"\n<blockquote class=\"wp-block-quote is-layout-flow wp-block-quote-is-layout-flow\">\n<p>Pour la saison 2025\/2026, l&rsquo;ensemble de la r\u00e9glementation de la chasse en Vaucluse <a href=\"https:\/\/www.fdc84.info\/les-arretes-prefectoraux-chasse-vaucluse.html\">est ICI<\/a><\/p>\n\n\n\n<h2 class=\"wp-block-heading has-large-font-size\">Et plus pr\u00e9cis\u00e9ment, p<em><strong>ar les liens officiels des minist\u00e8res et de la DDT Vaucluse, vous trouverez et pourrez t\u00e9l\u00e9charger ci- dessous, toute la r\u00e9glementation chasse en vigueur pour la saison 2025-2026 en Vaucluse :<\/strong><\/em><\/h2>\n\n\n\n<p><strong>ARR\u00caT\u00c9 MINIST\u00c9RIEL FIXANT LES ESP\u00c8CES SUSCEPTIBLES D\u2019OCCASIONNER DES D\u00c9G\u00c2TS<\/strong><\/p>\n\n\n\n<p>Dans le Vaucluse, les esp\u00e8ces de la cat\u00e9gorie 2 du classement \u00ab susceptibles d\u2019occasionner des d\u00e9g\u00e2ts \u00bb (ou ESOD)<br>sont le Renard roux, la Fouine, la Pie bavarde, l&rsquo;\u00e9tourneau et le geai. <a href=\"https:\/\/www.fdc84.info\/images\/pdf\/arretes\/ESOD_25_MODIFIE.pdf\">Cliquer ICI<\/a><\/p>\n\n\n\n<p><strong>ARR\u00caT\u00c9 PR\u00c9FECTORAL D&rsquo;OUVERTURE ET FERMETURE DE LA CHASSE POUR 2025-2026<\/strong>. <a href=\"https:\/\/www.fdc84.info\/images\/arrete\/ARRETE_O_F_2025-2026.pdf\">Cliquer ICI<\/a><\/p>\n<\/blockquote>\n\n\n\n<p><strong>OUVERTURE ET FERMETURE OISEAUX DE PASSAGE ET GIBIER D&rsquo;EAU<\/strong><\/p>\n\n\n\n<p><a href=\"https:\/\/www.fdc84.info\/images\/arrete\/arrete_ouverture_oiseaux_migrateurs_2025.pdf\" target=\"_blank\" rel=\"noreferrer noopener\">Dates d\u2019ouverture de la chasse aux oiseaux de passage et au gibier d\u2019eau <\/a><\/p>\n\n\n\n<p>&nbsp;<a href=\"https:\/\/www.fdc84.info\/images\/pdf\/arretes\/Arre%CC%82te%CC%81_du_19_janvier_2009_relatif_aux_dates_de_fermeture_de_la_chasse_aux_oiseaux_de_passage_et_au_gibier_deau___Legifrance.pdf\" target=\"_blank\" rel=\"noreferrer noopener\">Dates de fermeture de la chasse aux oiseaux de passage et au gibier d\u2019eau<\/a><\/p>\n\n\n\n<p><a href=\"https:\/\/www.fdc84.info\/images\/arrete\/AM_chasse_milouin__quota_29_09_25.pdf\" target=\"_blank\" rel=\"noreferrer noopener\">Arr\u00eat\u00e9 encadrant la chasse du fuligule milouin<\/a><\/p>\n\n\n\n<p><strong>PROLONGATION DU MORATOIRE DE LA CHASSE DU COURLIS CENDR\u00c9 et DE LA BARGE A QUEUE NOIRE POUR LA SAISON 2025-2026<\/strong>. <a href=\"https:\/\/www.fdc84.info\/images\/arrete\/arr%C3%AAt%C3%A9_moratoires_barge_%C3%A0_queue_noire_et_courlis_cendr%C3%A9_30_juillet_2025.pdf\">Cliquer ICI<\/a><\/p>\n\n\n\n<p><strong>ARRETE CLASSANT LE SANGLIER ET LE LAPIN COMME ESPECE ESOD ET FIXANT LES MODALITES DE DESTRUCTION JUSQU&rsquo;AU 30 JUIN 2026<\/strong>. <a href=\"https:\/\/www.fdc84.info\/images\/arrete\/AP_du_17_juillet2025_Liste_3_ESOD_signe_puis_scanne.pdf\">Cliquer ICI<\/a><\/p>\n","protected":false},"excerpt":{"rendered":"<p>Pour la saison 2025\/2026, l&rsquo;ensemble de la r\u00e9glementation de la chasse en Vaucluse est ICI Et plus pr\u00e9cis\u00e9ment, par les liens officiels des minist\u00e8res et de la DDT Vaucluse, vous trouverez et pourrez t\u00e9l\u00e9charger ci- dessous, toute la r\u00e9glementation chasse en vigueur pour la saison 2025-2026 en Vaucluse : ARR\u00caT\u00c9 MINIST\u00c9RIEL FIXANT LES ESP\u00c8CES SUSCEPTIBLES [&hellip;]<\/p>\n","protected":false},"author":103,"featured_media":0,"parent":344,"menu_order":0,"comment_status":"open","ping_status":"closed","template":"","meta":{"footnotes":""},"class_list":["post-3024","page","type-page","status-publish","hentry"],"_links":{"self":[{"href":"https:\/\/paca.lpo.fr\/blogs\/luberon-monts-de-vaucluse\/wp-json\/wp\/v2\/pages\/3024","targetHints":{"allow":["GET"]}}],"collection":[{"href":"https:\/\/paca.lpo.fr\/blogs\/luberon-monts-de-vaucluse\/wp-json\/wp\/v2\/pages"}],"about":[{"href":"https:\/\/paca.lpo.fr\/blogs\/luberon-monts-de-vaucluse\/wp-json\/wp\/v2\/types\/page"}],"author":[{"embeddable":true,"href":"https:\/\/paca.lpo.fr\/blogs\/luberon-monts-de-vaucluse\/wp-json\/wp\/v2\/users\/103"}],"replies":[{"embeddable":true,"href":"https:\/\/paca.lpo.fr\/blogs\/luberon-monts-de-vaucluse\/wp-json\/wp\/v2\/comments?post=3024"}],"version-history":[{"count":4,"href":"https:\/\/paca.lpo.fr\/blogs\/luberon-monts-de-vaucluse\/wp-json\/wp\/v2\/pages\/3024\/revisions"}],"predecessor-version":[{"id":4155,"href":"https:\/\/paca.lpo.fr\/blogs\/luberon-monts-de-vaucluse\/wp-json\/wp\/v2\/pages\/3024\/revisions\/4155"}],"up":[{"embeddable":true,"href":"https:\/\/paca.lpo.fr\/blogs\/luberon-monts-de-vaucluse\/wp-json\/wp\/v2\/pages\/344"}],"wp:attachment":[{"href":"https:\/\/paca.lpo.fr\/blogs\/luberon-monts-de-vaucluse\/wp-json\/wp\/v2\/media?parent=3024"}],"curies":[{"name":"wp","href":"https:\/\/api.w.org\/{rel}","templated":true}]}}