{"id":10,"date":"2012-05-16T10:10:58","date_gmt":"2012-05-16T09:10:58","guid":{"rendered":"http:\/\/paca.lpo.fr\/blogs\/marseille\/?page_id=9"},"modified":"2025-10-19T12:00:29","modified_gmt":"2025-10-19T11:00:29","slug":"contacts","status":"publish","type":"page","link":"https:\/\/paca.lpo.fr\/blogs\/marseille\/contacts\/","title":{"rendered":"Contact"},"content":{"rendered":"<p>Vous avez trouv\u00e9 un animal sauvage qui semble en d\u00e9tresse ?<\/p>\n<p><strong>En cas de d\u00e9couverte d&rsquo;un animal bless\u00e9 ou jeune, ne pas le nourrir ni l&rsquo;abreuver, et lire d&rsquo;abord les fiches conseils <\/strong>mises en place par la LPO PACA :<\/p>\n<p><a href=\"https:\/\/paca.lpo.fr\/soins-animaux\/conseiller\/fiches-conseils\"><strong>https:\/\/paca.lpo.fr\/soins-animaux\/conseiller\/fiches-conseils\u00a0<\/strong><\/a><\/p>\n<p>Pour un <strong>corvid\u00e9<\/strong> (<strong>pie<\/strong>, <strong>corneille<\/strong>&#8230;), voici le guide \u00e0 suivre :<\/p>\n<p><a href=\"https:\/\/www.ladel.fr\/guide-corvide-juvenile\/\" target=\"_blank\" rel=\"noopener\">https:\/\/www.ladel.fr\/guide-corvide-juvenile\/<\/a><\/p>\n<p style=\"text-align: left\">Pour les jeunes oiseaux trouv\u00e9s au sol sans blessure, vous reporter aux fiches conseils et le plus souvent replacer l&rsquo;individu dans son milieu naturel, parfois dans un nid suspendu. Les parents poursuivent l&rsquo;alimentation m\u00eame hors du nid et ne sont pas impact\u00e9s par votre odeur. De nombreux oiseaux ont une phase d&rsquo;apprentissage au sol, pour les aider, vous pouvez surveiller vos chats, les rentrer quelques jours durant ce temps, et mettre des cagettes renvers\u00e9es au sol pour faire des abris par exemple.<\/p>\n<p>\u00c7a ne vaut pas pour les <strong>martinets<\/strong>, pr\u00e9sents en France de mai \u00e0 septembre. C&rsquo;est une esp\u00e8ce qui vit quasi-exclusivement en vol et se nourrit seulement d&rsquo;insectes, voici \u00e0 quoi ils ressemblent :<\/p>\n\n\n<figure class=\"wp-block-image size-full\"><img loading=\"lazy\" decoding=\"async\" width=\"862\" height=\"444\" src=\"https:\/\/paca.lpo.fr\/blogs\/marseille\/files\/2024\/07\/martinet-article-1-copie-1.jpg\" alt=\"\" class=\"wp-image-2349\" srcset=\"https:\/\/paca.lpo.fr\/blogs\/marseille\/files\/2024\/07\/martinet-article-1-copie-1.jpg 862w, https:\/\/paca.lpo.fr\/blogs\/marseille\/files\/2024\/07\/martinet-article-1-copie-1-768x396.jpg 768w\" sizes=\"auto, (max-width: 862px) 100vw, 862px\" \/><\/figure>\n\n\n<p style=\"text-align: left\">En cas de d\u00e9couverte d&rsquo;un martinet, lire sa fiche conseil, le mettre \u00e0 l&rsquo;abri et contacter le centre de sauvegarde ou appeler une clinique-relais (infos plus bas).<\/p>\n<p>Le <strong>go\u00e9land leucoph\u00e9e<\/strong> ou \u00ab\u00a0<strong>gabian<\/strong>\u00a0\u00bb est une esp\u00e8ce prot\u00e9g\u00e9e. Il est strictement interdit de d\u00e9truire ou d\u00e9placer des \u0153ufs ou oisillons.<\/p>\n<figure id=\"attachment_2095\" aria-describedby=\"caption-attachment-2095\" style=\"width: 597px\" class=\"wp-caption aligncenter\"><img loading=\"lazy\" decoding=\"async\" class=\"wp-image-2095\" src=\"http:\/\/paca.lpo.fr\/blogs\/marseille\/files\/2023\/09\/capture-decran-2023-09-28-a-11.44.52-768x346.png\" alt=\"\" width=\"597\" height=\"269\" srcset=\"https:\/\/paca.lpo.fr\/blogs\/marseille\/files\/2023\/09\/capture-decran-2023-09-28-a-11.44.52-768x346.png 768w, https:\/\/paca.lpo.fr\/blogs\/marseille\/files\/2023\/09\/capture-decran-2023-09-28-a-11.44.52.png 1024w\" sizes=\"auto, (max-width: 597px) 100vw, 597px\" \/><figcaption id=\"caption-attachment-2095\" class=\"wp-caption-text\"><em>Go\u00e9land leucoph\u00e9e adulte (\u00e0 gauche), et jeune (\u00e0 droite et dessous)<\/em><\/figcaption><\/figure>\n\n<div class=\"wp-block-image\">\n<figure class=\"aligncenter size-full is-resized\"><img loading=\"lazy\" decoding=\"async\" width=\"698\" height=\"364\" src=\"https:\/\/paca.lpo.fr\/blogs\/marseille\/files\/2024\/07\/capture-decran-2024-07-27-a-18.22.06-2.png\" alt=\"\" class=\"wp-image-2352\" style=\"width:582px;height:auto\" \/><\/figure>\n<\/div>\n\n\n<p><strong>L&rsquo;oiseau ci-dessus n&rsquo;est pas en d\u00e9tresse<\/strong>, c&rsquo;est un jeune go\u00e9land, dans son cycle de croissance il a une phase erratique o\u00f9 <strong>il ne sait pas encore voler et marche en criant. C&rsquo;est tout \u00e0 fait normal, les parents continuent \u00e0 l&rsquo;alimenter r\u00e9guli\u00e8rement <\/strong>et le jeune oiseau n&rsquo;est pas en danger.&nbsp; Il est inutile de nous contacter dans ce contexte. Il n&rsquo;y a pas de danger de pr\u00e9dation par les chats.<\/p>\n\n\n\n<p><img loading=\"lazy\" decoding=\"async\" width=\"768\" height=\"280\" class=\"wp-image-2091\" src=\"http:\/\/paca.lpo.fr\/blogs\/marseille\/files\/2023\/09\/capture-decran-2023-09-28-a-11.32.36-768x280.png\" alt=\"\" srcset=\"https:\/\/paca.lpo.fr\/blogs\/marseille\/files\/2023\/09\/capture-decran-2023-09-28-a-11.32.36-768x280.png 768w, https:\/\/paca.lpo.fr\/blogs\/marseille\/files\/2023\/09\/capture-decran-2023-09-28-a-11.32.36.png 1024w\" sizes=\"auto, (max-width: 768px) 100vw, 768px\" \/><em>Pigeon biset et tourterelle domestique<br><\/em><\/p>\n\n\n\n<p>Les<strong> pigeons bisets et tourterelles domestiques ne sont pas admis au sein du centre de sauvegarde<\/strong> par manque de moyens. Le mieux pour un jeune trouv\u00e9 au sol est d&rsquo;essayer une remise au nid ou nid suspendu et de v\u00e9rifier que celle-ci \u00ab\u00a0marche\u00a0\u00bb (voir fiche conseil), sinon, ayant le statut d&rsquo;animaux domestiques, vous pouvez d\u00e9cider de l\u2019\u00e9lever. Dans ce cas il faudra faire attention \u00e0 l&rsquo;impr\u00e9gnation d\u00e8s le d\u00e9but ou choisir de l&rsquo;adopter pour la vie (les pigeons font de tr\u00e8s bons animaux de compagnie, mais ce n&rsquo;est pas une d\u00e9cision \u00e0 prendre \u00e0 la l\u00e9g\u00e8re). Des conseils d\u00e9di\u00e9s ici : <a href=\"https:\/\/www.lesailescasseesandco-site.net\/\" target=\"_blank\" rel=\"noopener\">https:\/\/www.lesailescasseesandco-site.net\/<\/a> ou l\u00e0 :<a href=\"https:\/\/fr.lapalomatriste.org\/accueil\"> https:\/\/fr.lapalomatriste.org\/accueil<\/a>. Pour un pigeon ou une tourterelle bless\u00e9\u00b7es ou malade, faire d&rsquo;abord un tour chez un v\u00e9t\u00e9rinaire nac bien s\u00fbr.<\/p>\n\n\n\n<p>Attention, il existe des esp\u00e8ces de pigeons que le centre peut prendre en charge, le plus connu est le <strong>pigeon ramier<\/strong>, voir ici : <a href=\"https:\/\/www.oiseaux.net\/oiseaux\/pigeon.ramier.html\" target=\"_blank\" rel=\"noopener\">https:\/\/www.oiseaux.net\/oiseaux\/pigeon.ramier.html<\/a>.<\/p>\n\n\n\n<p><\/p>\n\n\n\n<p><strong>Si l&rsquo;oiseau n\u00e9cessite une prise en charge, ou que vous avez un doute<\/strong>, contactez-nous sur <a href=\"mailto:lpomarseille@outlook.com\"><a href=\"mailto:marseille@lpo.fr\">marseille@lpo.fr<\/a><\/a>. Merci de toujours <strong>envoyer au moins une photo de l&rsquo;animal et un maximum de d\u00e9tails<\/strong> (lieu de d\u00e9couverte, pr\u00e9sence de risques, parents \u00e0 proximit\u00e9, \u00e9tat&#8230;).<\/p>\n\n\n\n<p>Vous pouvez aussi appeler le <strong>Centre de sauvegarde de la faune sauvage de la LPO Paca <\/strong>au<strong> 04 65 09 02 20<\/strong>, de<strong> 10h \u00e0 12h <\/strong>et de<strong> 14h \u00e0 16h<\/strong>,<strong> 7j\/7.<\/strong><\/p>\n\n\n\n<p>Certaines cliniques v\u00e9t\u00e9rinaires de Marseille peuvent faire le lien avec le centre de soin et recevoir les oiseaux en cas de besoin, les appeler au pr\u00e9alable :<\/p>\n\n\n\n<p>Cliniques de Bor\u00e9ly, 17 av Alexandre Dumas, 13008, 0491228640<\/p>\n\n\n\n<p>Clinique Argos, 42 rue Breteuil, 13006, 0491337465<\/p>\n\n\n\n<p>Clinique Valentine, V\u00e9t\u00e9rinaire 2 toute urgence, 227 routes des 3 Lucs, 13011. 0491134444<\/p>\n\n\n\n<p>Pour toute autre demande, vous pouvez nous contacter en utilisant le formulaire en lien ci-dessous.<\/p>\n\n\n\n<div class=\"wp-block-buttons is-content-justification-center is-layout-flex wp-container-core-buttons-is-layout-16018d1d wp-block-buttons-is-layout-flex\">\n<div class=\"wp-block-button\"><a class=\"wp-block-button__link wp-element-button\" href=\"https:\/\/paca.lpo.fr\/index.php?&amp;Itemid=4664\">FORMULAIRE DE CONTACT<\/a><\/div>\n<\/div>\n","protected":false},"excerpt":{"rendered":"<p>Vous avez trouv\u00e9 un animal sauvage qui semble en d\u00e9tresse ? En cas de d\u00e9couverte d&rsquo;un animal bless\u00e9 ou jeune, ne pas le nourrir ni l&rsquo;abreuver, et lire d&rsquo;abord les fiches conseils mises en place par la LPO PACA : https:\/\/paca.lpo.fr\/soins-animaux\/conseiller\/fiches-conseils\u00a0 Pour un corvid\u00e9 (pie, corneille&#8230;), voici le guide \u00e0 suivre : https:\/\/www.ladel.fr\/guide-corvide-juvenile\/ Pour les [&hellip;]<\/p>\n","protected":false},"author":1,"featured_media":0,"parent":0,"menu_order":2,"comment_status":"closed","ping_status":"closed","template":"","meta":{"footnotes":""},"class_list":["post-10","page","type-page","status-publish","hentry"],"_links":{"self":[{"href":"https:\/\/paca.lpo.fr\/blogs\/marseille\/wp-json\/wp\/v2\/pages\/10","targetHints":{"allow":["GET"]}}],"collection":[{"href":"https:\/\/paca.lpo.fr\/blogs\/marseille\/wp-json\/wp\/v2\/pages"}],"about":[{"href":"https:\/\/paca.lpo.fr\/blogs\/marseille\/wp-json\/wp\/v2\/types\/page"}],"author":[{"embeddable":true,"href":"https:\/\/paca.lpo.fr\/blogs\/marseille\/wp-json\/wp\/v2\/users\/1"}],"replies":[{"embeddable":true,"href":"https:\/\/paca.lpo.fr\/blogs\/marseille\/wp-json\/wp\/v2\/comments?post=10"}],"version-history":[{"count":3,"href":"https:\/\/paca.lpo.fr\/blogs\/marseille\/wp-json\/wp\/v2\/pages\/10\/revisions"}],"predecessor-version":[{"id":2503,"href":"https:\/\/paca.lpo.fr\/blogs\/marseille\/wp-json\/wp\/v2\/pages\/10\/revisions\/2503"}],"wp:attachment":[{"href":"https:\/\/paca.lpo.fr\/blogs\/marseille\/wp-json\/wp\/v2\/media?parent=10"}],"curies":[{"name":"wp","href":"https:\/\/api.w.org\/{rel}","templated":true}]}}