{"id":21,"date":"2022-02-15T14:28:56","date_gmt":"2022-02-15T13:28:56","guid":{"rendered":"http:\/\/paca.lpo.fr\/blogs\/nature-en-ville\/?page_id=21"},"modified":"2022-02-15T14:38:21","modified_gmt":"2022-02-15T13:38:21","slug":"la-nature-en-ville-disparait-ensemble-agissons","status":"publish","type":"page","link":"https:\/\/paca.lpo.fr\/blogs\/nature-en-ville\/la-nature-en-ville-disparait-ensemble-agissons\/","title":{"rendered":"La Nature en ville dispara\u00eet, ensemble agissons !"},"content":{"rendered":"\n<p class=\"wp-block-paragraph\">La ville a longtemps \u00e9t\u00e9 un refuge pour certaines esp\u00e8ces y trouvant g\u00eete et couvert, aujourd\u2019hui il est av\u00e9r\u00e9 que la biodiversit\u00e9 dans sa globalit\u00e9 est en d\u00e9clin, m\u00eame en milieu urbain.<\/p>\n\n\n\n<p class=\"wp-block-paragraph\"><strong>L\u2019urbanisation croissante :<\/strong>&nbsp;85% de la population fran\u00e7aise vit dans une aire urbaine, consomme pr\u00e8s de 70&nbsp;000 hectares par an d\u2019espaces naturels et agricoles et la prise en compte de la biodiversit\u00e9 est rarement une priorit\u00e9 dans l\u2019am\u00e9nagement des espaces urbains.<\/p>\n\n\n\n<p class=\"wp-block-paragraph\">C\u2019est pourquoi la LPO intervient aupr\u00e8s des am\u00e9nageurs dans le cadre de ses\u00a0<a href=\"https:\/\/paca.lpo.fr\/association-protection-nature-lpo-paca\/refuges-lpo\">programmes Refuges<\/a>\u00a0et\u00a0<a rel=\"noreferrer noopener\" href=\"http:\/\/www.biodiversiteetbati.fr\/\" target=\"_blank\">U2B<\/a>\u00a0(Urbanisme, B\u00e2ti, Biodiversit\u00e9). La LPO a acquis une r\u00e9elle expertise pour faire revenir la biodiversit\u00e9 en ville.<\/p>\n\n\n\n<p class=\"wp-block-paragraph\">Retrouvez sur ce blog nos exp\u00e9riences de prise en compte de la biodiversit\u00e9 en ville au travers de t\u00e9moignages ou reportages d&rsquo;actualit\u00e9s en r\u00e9gion Provence-Alpes-C\u00f4te d &lsquo;Azur.<\/p>\n\n\n\n<p class=\"wp-block-paragraph\">Rendez-vous sur notre site Internet en lien ci-dessous pour toute information compl\u00e9mentaire sur les programmes Refuges LPO et U2B de la LPO.<\/p>\n\n\n\n<div class=\"wp-block-buttons is-layout-flex wp-block-buttons-is-layout-flex\">\n<div class=\"wp-block-button aligncenter\"><a class=\"wp-block-button__link\" href=\"\" target=\"_blank\" rel=\"noreferrer noopener\">Biodiversit\u00e9 et patrimone b\u00e2ti<\/a><\/div>\n<\/div>\n","protected":false},"excerpt":{"rendered":"<p>La ville a longtemps \u00e9t\u00e9 un refuge pour certaines esp\u00e8ces y trouvant g\u00eete et couvert, aujourd\u2019hui il est av\u00e9r\u00e9 que la biodiversit\u00e9 dans sa globalit\u00e9 est en d\u00e9clin, m\u00eame en milieu urbain. L\u2019urbanisation croissante :&nbsp;85% de la population fran\u00e7aise vit dans une aire urbaine, consomme pr\u00e8s de 70&nbsp;000 hectares par an d\u2019espaces naturels et agricoles [&hellip;]<\/p>\n","protected":false},"author":3,"featured_media":0,"parent":0,"menu_order":0,"comment_status":"closed","ping_status":"closed","template":"","meta":{"footnotes":""},"class_list":["post-21","page","type-page","status-publish","hentry"],"yoast_head":"<!-- This site is optimized with the Yoast SEO plugin v28.3 - https:\/\/yoast.com\/product\/yoast-seo-wordpress\/ -->\n<title>La Nature en ville dispara\u00eet, ensemble agissons ! - Le blog de la nature en ville<\/title>\n<meta name=\"robots\" content=\"index, follow, max-snippet:-1, max-image-preview:large, max-video-preview:-1\" \/>\n<link rel=\"canonical\" href=\"https:\/\/paca.lpo.fr\/blogs\/nature-en-ville\/la-nature-en-ville-disparait-ensemble-agissons\/\" \/>\n<meta property=\"og:locale\" content=\"fr_FR\" \/>\n<meta property=\"og:type\" content=\"article\" \/>\n<meta property=\"og:title\" content=\"La Nature en ville dispara\u00eet, ensemble agissons ! - Le blog de la nature en ville\" \/>\n<meta property=\"og:description\" content=\"La ville a longtemps \u00e9t\u00e9 un refuge pour certaines esp\u00e8ces y trouvant g\u00eete et couvert, aujourd\u2019hui il est av\u00e9r\u00e9 que la biodiversit\u00e9 dans sa globalit\u00e9 est en d\u00e9clin, m\u00eame en milieu urbain. L\u2019urbanisation croissante :&nbsp;85% de la population fran\u00e7aise vit dans une aire urbaine, consomme pr\u00e8s de 70&nbsp;000 hectares par an d\u2019espaces naturels et agricoles [&hellip;]\" \/>\n<meta property=\"og:url\" content=\"https:\/\/paca.lpo.fr\/blogs\/nature-en-ville\/la-nature-en-ville-disparait-ensemble-agissons\/\" \/>\n<meta property=\"og:site_name\" content=\"Le blog de la nature en ville\" \/>\n<meta property=\"article:modified_time\" content=\"2022-02-15T13:38:21+00:00\" \/>\n<meta name=\"twitter:card\" content=\"summary_large_image\" \/>\n<meta name=\"twitter:label1\" content=\"Dur\u00e9e de lecture estim\u00e9e\" \/>\n\t<meta name=\"twitter:data1\" content=\"1 minute\" \/>\n<script type=\"application\/ld+json\" class=\"yoast-schema-graph\">{\"@context\":\"https:\\\/\\\/schema.org\",\"@graph\":[{\"@type\":\"WebPage\",\"@id\":\"https:\\\/\\\/paca.lpo.fr\\\/blogs\\\/nature-en-ville\\\/la-nature-en-ville-disparait-ensemble-agissons\\\/\",\"url\":\"https:\\\/\\\/paca.lpo.fr\\\/blogs\\\/nature-en-ville\\\/la-nature-en-ville-disparait-ensemble-agissons\\\/\",\"name\":\"La Nature en ville dispara\u00eet, ensemble agissons ! - Le blog de la nature en ville\",\"isPartOf\":{\"@id\":\"https:\\\/\\\/paca.lpo.fr\\\/blogs\\\/nature-en-ville\\\/#website\"},\"datePublished\":\"2022-02-15T13:28:56+00:00\",\"dateModified\":\"2022-02-15T13:38:21+00:00\",\"breadcrumb\":{\"@id\":\"https:\\\/\\\/paca.lpo.fr\\\/blogs\\\/nature-en-ville\\\/la-nature-en-ville-disparait-ensemble-agissons\\\/#breadcrumb\"},\"inLanguage\":\"fr-FR\",\"potentialAction\":[{\"@type\":\"ReadAction\",\"target\":[\"https:\\\/\\\/paca.lpo.fr\\\/blogs\\\/nature-en-ville\\\/la-nature-en-ville-disparait-ensemble-agissons\\\/\"]}]},{\"@type\":\"BreadcrumbList\",\"@id\":\"https:\\\/\\\/paca.lpo.fr\\\/blogs\\\/nature-en-ville\\\/la-nature-en-ville-disparait-ensemble-agissons\\\/#breadcrumb\",\"itemListElement\":[{\"@type\":\"ListItem\",\"position\":1,\"name\":\"Accueil\",\"item\":\"https:\\\/\\\/paca.lpo.fr\\\/blogs\\\/nature-en-ville\\\/\"},{\"@type\":\"ListItem\",\"position\":2,\"name\":\"La Nature en ville dispara\u00eet, ensemble agissons !\"}]},{\"@type\":\"WebSite\",\"@id\":\"https:\\\/\\\/paca.lpo.fr\\\/blogs\\\/nature-en-ville\\\/#website\",\"url\":\"https:\\\/\\\/paca.lpo.fr\\\/blogs\\\/nature-en-ville\\\/\",\"name\":\"Le blog de la nature en ville\",\"description\":\"Le blog de la nature en ville\",\"publisher\":{\"@id\":\"https:\\\/\\\/paca.lpo.fr\\\/blogs\\\/nature-en-ville\\\/#organization\"},\"potentialAction\":[{\"@type\":\"SearchAction\",\"target\":{\"@type\":\"EntryPoint\",\"urlTemplate\":\"https:\\\/\\\/paca.lpo.fr\\\/blogs\\\/nature-en-ville\\\/?s={search_term_string}\"},\"query-input\":{\"@type\":\"PropertyValueSpecification\",\"valueRequired\":true,\"valueName\":\"search_term_string\"}}],\"inLanguage\":\"fr-FR\"},{\"@type\":\"Organization\",\"@id\":\"https:\\\/\\\/paca.lpo.fr\\\/blogs\\\/nature-en-ville\\\/#organization\",\"name\":\"Le blog de la nature en ville\",\"url\":\"https:\\\/\\\/paca.lpo.fr\\\/blogs\\\/nature-en-ville\\\/\",\"logo\":{\"@type\":\"ImageObject\",\"inLanguage\":\"fr-FR\",\"@id\":\"https:\\\/\\\/paca.lpo.fr\\\/blogs\\\/nature-en-ville\\\/#\\\/schema\\\/logo\\\/image\\\/\",\"url\":\"https:\\\/\\\/paca.lpo.fr\\\/blogs\\\/nature-en-ville\\\/files\\\/2024\\\/01\\\/cropped-rvb-lpo-paca-logotype-signature-droite-mini-500.jpg\",\"contentUrl\":\"https:\\\/\\\/paca.lpo.fr\\\/blogs\\\/nature-en-ville\\\/files\\\/2024\\\/01\\\/cropped-rvb-lpo-paca-logotype-signature-droite-mini-500.jpg\",\"width\":500,\"height\":210,\"caption\":\"Le blog de la nature en ville\"},\"image\":{\"@id\":\"https:\\\/\\\/paca.lpo.fr\\\/blogs\\\/nature-en-ville\\\/#\\\/schema\\\/logo\\\/image\\\/\"}}]}<\/script>\n<!-- \/ Yoast SEO plugin. -->","yoast_head_json":{"title":"La Nature en ville dispara\u00eet, ensemble agissons ! - Le blog de la nature en ville","robots":{"index":"index","follow":"follow","max-snippet":"max-snippet:-1","max-image-preview":"max-image-preview:large","max-video-preview":"max-video-preview:-1"},"canonical":"https:\/\/paca.lpo.fr\/blogs\/nature-en-ville\/la-nature-en-ville-disparait-ensemble-agissons\/","og_locale":"fr_FR","og_type":"article","og_title":"La Nature en ville dispara\u00eet, ensemble agissons ! - Le blog de la nature en ville","og_description":"La ville a longtemps \u00e9t\u00e9 un refuge pour certaines esp\u00e8ces y trouvant g\u00eete et couvert, aujourd\u2019hui il est av\u00e9r\u00e9 que la biodiversit\u00e9 dans sa globalit\u00e9 est en d\u00e9clin, m\u00eame en milieu urbain. L\u2019urbanisation croissante :&nbsp;85% de la population fran\u00e7aise vit dans une aire urbaine, consomme pr\u00e8s de 70&nbsp;000 hectares par an d\u2019espaces naturels et agricoles [&hellip;]","og_url":"https:\/\/paca.lpo.fr\/blogs\/nature-en-ville\/la-nature-en-ville-disparait-ensemble-agissons\/","og_site_name":"Le blog de la nature en ville","article_modified_time":"2022-02-15T13:38:21+00:00","twitter_card":"summary_large_image","twitter_misc":{"Dur\u00e9e de lecture estim\u00e9e":"1 minute"},"schema":{"@context":"https:\/\/schema.org","@graph":[{"@type":"WebPage","@id":"https:\/\/paca.lpo.fr\/blogs\/nature-en-ville\/la-nature-en-ville-disparait-ensemble-agissons\/","url":"https:\/\/paca.lpo.fr\/blogs\/nature-en-ville\/la-nature-en-ville-disparait-ensemble-agissons\/","name":"La Nature en ville dispara\u00eet, ensemble agissons ! - Le blog de la nature en ville","isPartOf":{"@id":"https:\/\/paca.lpo.fr\/blogs\/nature-en-ville\/#website"},"datePublished":"2022-02-15T13:28:56+00:00","dateModified":"2022-02-15T13:38:21+00:00","breadcrumb":{"@id":"https:\/\/paca.lpo.fr\/blogs\/nature-en-ville\/la-nature-en-ville-disparait-ensemble-agissons\/#breadcrumb"},"inLanguage":"fr-FR","potentialAction":[{"@type":"ReadAction","target":["https:\/\/paca.lpo.fr\/blogs\/nature-en-ville\/la-nature-en-ville-disparait-ensemble-agissons\/"]}]},{"@type":"BreadcrumbList","@id":"https:\/\/paca.lpo.fr\/blogs\/nature-en-ville\/la-nature-en-ville-disparait-ensemble-agissons\/#breadcrumb","itemListElement":[{"@type":"ListItem","position":1,"name":"Accueil","item":"https:\/\/paca.lpo.fr\/blogs\/nature-en-ville\/"},{"@type":"ListItem","position":2,"name":"La Nature en ville dispara\u00eet, ensemble agissons !"}]},{"@type":"WebSite","@id":"https:\/\/paca.lpo.fr\/blogs\/nature-en-ville\/#website","url":"https:\/\/paca.lpo.fr\/blogs\/nature-en-ville\/","name":"Le blog de la nature en ville","description":"Le blog de la nature en ville","publisher":{"@id":"https:\/\/paca.lpo.fr\/blogs\/nature-en-ville\/#organization"},"potentialAction":[{"@type":"SearchAction","target":{"@type":"EntryPoint","urlTemplate":"https:\/\/paca.lpo.fr\/blogs\/nature-en-ville\/?s={search_term_string}"},"query-input":{"@type":"PropertyValueSpecification","valueRequired":true,"valueName":"search_term_string"}}],"inLanguage":"fr-FR"},{"@type":"Organization","@id":"https:\/\/paca.lpo.fr\/blogs\/nature-en-ville\/#organization","name":"Le blog de la nature en ville","url":"https:\/\/paca.lpo.fr\/blogs\/nature-en-ville\/","logo":{"@type":"ImageObject","inLanguage":"fr-FR","@id":"https:\/\/paca.lpo.fr\/blogs\/nature-en-ville\/#\/schema\/logo\/image\/","url":"https:\/\/paca.lpo.fr\/blogs\/nature-en-ville\/files\/2024\/01\/cropped-rvb-lpo-paca-logotype-signature-droite-mini-500.jpg","contentUrl":"https:\/\/paca.lpo.fr\/blogs\/nature-en-ville\/files\/2024\/01\/cropped-rvb-lpo-paca-logotype-signature-droite-mini-500.jpg","width":500,"height":210,"caption":"Le blog de la nature en ville"},"image":{"@id":"https:\/\/paca.lpo.fr\/blogs\/nature-en-ville\/#\/schema\/logo\/image\/"}}]}},"_links":{"self":[{"href":"https:\/\/paca.lpo.fr\/blogs\/nature-en-ville\/wp-json\/wp\/v2\/pages\/21","targetHints":{"allow":["GET"]}}],"collection":[{"href":"https:\/\/paca.lpo.fr\/blogs\/nature-en-ville\/wp-json\/wp\/v2\/pages"}],"about":[{"href":"https:\/\/paca.lpo.fr\/blogs\/nature-en-ville\/wp-json\/wp\/v2\/types\/page"}],"author":[{"embeddable":true,"href":"https:\/\/paca.lpo.fr\/blogs\/nature-en-ville\/wp-json\/wp\/v2\/users\/3"}],"replies":[{"embeddable":true,"href":"https:\/\/paca.lpo.fr\/blogs\/nature-en-ville\/wp-json\/wp\/v2\/comments?post=21"}],"version-history":[{"count":3,"href":"https:\/\/paca.lpo.fr\/blogs\/nature-en-ville\/wp-json\/wp\/v2\/pages\/21\/revisions"}],"predecessor-version":[{"id":29,"href":"https:\/\/paca.lpo.fr\/blogs\/nature-en-ville\/wp-json\/wp\/v2\/pages\/21\/revisions\/29"}],"wp:attachment":[{"href":"https:\/\/paca.lpo.fr\/blogs\/nature-en-ville\/wp-json\/wp\/v2\/media?parent=21"}],"curies":[{"name":"wp","href":"https:\/\/api.w.org\/{rel}","templated":true}]}}

La Nature en ville disparaît, ensemble agissons !

<p class="wp-block-paragraph">La ville a longtemps été un refuge pour certaines espèces y trouvant gîte et couvert, aujourd’hui il est avéré que la biodiversité dans sa globalité est en déclin, même en milieu urbain.</p>



<p class="wp-block-paragraph"><strong>L’urbanisation croissante :</strong>&nbsp;85% de la population française vit dans une aire urbaine, consomme près de 70&nbsp;000 hectares par an d’espaces naturels et agricoles et la prise en compte de la biodiversité est rarement une priorité dans l’aménagement des espaces urbains.</p>



<p class="wp-block-paragraph">C’est pourquoi la LPO intervient auprès des aménageurs dans le cadre de ses <a href="https://paca.lpo.fr/association-protection-nature-lpo-paca/refuges-lpo">programmes Refuges</a> et <a rel="noreferrer noopener" href="http://www.biodiversiteetbati.fr/" target="_blank">U2B</a> (Urbanisme, Bâti, Biodiversité). La LPO a acquis une réelle expertise pour faire revenir la biodiversité en ville.</p>



<p class="wp-block-paragraph">Retrouvez sur ce blog nos expériences de prise en compte de la biodiversité en ville au travers de témoignages ou reportages d&rsquo;actualités en région Provence-Alpes-Côte d &lsquo;Azur.</p>



<p class="wp-block-paragraph">Rendez-vous sur notre site Internet en lien ci-dessous pour toute information complémentaire sur les programmes Refuges LPO et U2B de la LPO.</p>



<div class="wp-block-buttons is-layout-flex wp-block-buttons-is-layout-flex">
<div class="wp-block-button aligncenter"><a class="wp-block-button__link" href="" target="_blank" rel="noreferrer noopener">Biodiversité et patrimone bâti</a></div>
</div>

<p>La ville a longtemps été un refuge pour certaines espèces y trouvant gîte et couvert, aujourd’hui il est avéré que la biodiversité dans sa globalité est en déclin, même en milieu urbain. L’urbanisation croissante :&nbsp;85% de la population française vit dans une aire urbaine, consomme près de 70&nbsp;000 hectares par an d’espaces naturels et agricoles [&hellip;]</p>

<!-- This site is optimized with the Yoast SEO plugin v28.3 - https://yoast.com/product/yoast-seo-wordpress/ -->
<title>La Nature en ville disparaît, ensemble agissons ! - Le blog de la nature en ville</title>
<meta name="robots" content="index, follow, max-snippet:-1, max-image-preview:large, max-video-preview:-1" />
<link rel="canonical" href="https://paca.lpo.fr/blogs/nature-en-ville/la-nature-en-ville-disparait-ensemble-agissons/" />
<meta property="og:locale" content="fr_FR" />
<meta property="og:type" content="article" />
<meta property="og:title" content="La Nature en ville disparaît, ensemble agissons ! - Le blog de la nature en ville" />
<meta property="og:description" content="La ville a longtemps été un refuge pour certaines espèces y trouvant gîte et couvert, aujourd’hui il est avéré que la biodiversité dans sa globalité est en déclin, même en milieu urbain. L’urbanisation croissante :&nbsp;85% de la population française vit dans une aire urbaine, consomme près de 70&nbsp;000 hectares par an d’espaces naturels et agricoles [&hellip;]" />
<meta property="og:url" content="https://paca.lpo.fr/blogs/nature-en-ville/la-nature-en-ville-disparait-ensemble-agissons/" />
<meta property="og:site_name" content="Le blog de la nature en ville" />
<meta property="article:modified_time" content="2022-02-15T13:38:21+00:00" />
<meta name="twitter:card" content="summary_large_image" />
<meta name="twitter:label1" content="Durée de lecture estimée" />
	<meta name="twitter:data1" content="1 minute" />
<script type="application/ld+json" class="yoast-schema-graph">{"@context":"https:\/\/schema.org","@graph":[{"@type":"WebPage","@id":"https:\/\/paca.lpo.fr\/blogs\/nature-en-ville\/la-nature-en-ville-disparait-ensemble-agissons\/","url":"https:\/\/paca.lpo.fr\/blogs\/nature-en-ville\/la-nature-en-ville-disparait-ensemble-agissons\/","name":"La Nature en ville disparaît, ensemble agissons ! - Le blog de la nature en ville","isPartOf":{"@id":"https:\/\/paca.lpo.fr\/blogs\/nature-en-ville\/#website"},"datePublished":"2022-02-15T13:28:56+00:00","dateModified":"2022-02-15T13:38:21+00:00","breadcrumb":{"@id":"https:\/\/paca.lpo.fr\/blogs\/nature-en-ville\/la-nature-en-ville-disparait-ensemble-agissons\/#breadcrumb"},"inLanguage":"fr-FR","potentialAction":[{"@type":"ReadAction","target":["https:\/\/paca.lpo.fr\/blogs\/nature-en-ville\/la-nature-en-ville-disparait-ensemble-agissons\/"]}]},{"@type":"BreadcrumbList","@id":"https:\/\/paca.lpo.fr\/blogs\/nature-en-ville\/la-nature-en-ville-disparait-ensemble-agissons\/#breadcrumb","itemListElement":[{"@type":"ListItem","position":1,"name":"Accueil","item":"https:\/\/paca.lpo.fr\/blogs\/nature-en-ville\/"},{"@type":"ListItem","position":2,"name":"La Nature en ville disparaît, ensemble agissons !"}]},{"@type":"WebSite","@id":"https:\/\/paca.lpo.fr\/blogs\/nature-en-ville\/#website","url":"https:\/\/paca.lpo.fr\/blogs\/nature-en-ville\/","name":"Le blog de la nature en ville","description":"Le blog de la nature en ville","publisher":{"@id":"https:\/\/paca.lpo.fr\/blogs\/nature-en-ville\/#organization"},"potentialAction":[{"@type":"SearchAction","target":{"@type":"EntryPoint","urlTemplate":"https:\/\/paca.lpo.fr\/blogs\/nature-en-ville\/?s={search_term_string}"},"query-input":{"@type":"PropertyValueSpecification","valueRequired":true,"valueName":"search_term_string"}}],"inLanguage":"fr-FR"},{"@type":"Organization","@id":"https:\/\/paca.lpo.fr\/blogs\/nature-en-ville\/#organization","name":"Le blog de la nature en ville","url":"https:\/\/paca.lpo.fr\/blogs\/nature-en-ville\/","logo":{"@type":"ImageObject","inLanguage":"fr-FR","@id":"https:\/\/paca.lpo.fr\/blogs\/nature-en-ville\/#\/schema\/logo\/image\/","url":"https:\/\/paca.lpo.fr\/blogs\/nature-en-ville\/files\/2024\/01\/cropped-rvb-lpo-paca-logotype-signature-droite-mini-500.jpg","contentUrl":"https:\/\/paca.lpo.fr\/blogs\/nature-en-ville\/files\/2024\/01\/cropped-rvb-lpo-paca-logotype-signature-droite-mini-500.jpg","width":500,"height":210,"caption":"Le blog de la nature en ville"},"image":{"@id":"https:\/\/paca.lpo.fr\/blogs\/nature-en-ville\/#\/schema\/logo\/image\/"}}]}</script>
<!-- / Yoast SEO plugin. -->

La Nature en ville disparaît, ensemble agissons ! - Le blog de la nature en ville

La ville a longtemps été un refuge pour certaines espèces y trouvant gîte et couvert, aujourd’hui il est avéré que la biodiversité dans sa globalité est en déclin, même en milieu urbain. L’urbanisation croissante :&nbsp;85% de la population française vit dans une aire urbaine, consomme près de 70&nbsp;000 hectares par an d’espaces naturels et agricoles [&hellip;]
