{"id":159,"date":"2012-06-04T09:35:27","date_gmt":"2012-06-04T08:35:27","guid":{"rendered":"https:\/\/paca.lpo.fr\/blogs\/nice\/?page_id=159"},"modified":"2025-05-07T10:09:48","modified_gmt":"2025-05-07T09:09:48","slug":"contact","status":"publish","type":"page","link":"https:\/\/paca.lpo.fr\/blogs\/nice\/contact\/","title":{"rendered":"Contacts LPO Alpes Maritimes"},"content":{"rendered":"<p><strong>CONTACTS LPO PACA POUR LES ALPES MARITIMES<br \/>\n<\/strong><\/p>\n<p><strong><span style=\"color: #ff0000;\">Faune sauvage en d\u00e9tresse<\/span><\/strong> : <strong>Vous avez trouv\u00e9 un animal sauvage et il semble en difficult\u00e9? Avant de contacter la LPO, merci de consulter nos fiches conseils :<a href=\"https:\/\/paca.lpo.fr\/soins-animaux\/conseiller\/fiches-conseils\"> https:\/\/paca.lpo.fr\/soins-animaux\/conseiller\/fiches-conseils<\/a>.\u00a0<\/strong><\/p>\n<p><strong>Courriel : <span style=\"color: #0000ff;\">sos.paca@lpo.fr<\/span> ou <span style=\"color: #0000ff;\">crsfs-paca@lpo.fr<\/span><\/strong><\/p>\n<p><strong>Num\u00e9ro de t\u00e9l\u00e9phone : 04 65 09 02 20 (tous d\u00e9partements PACA)<\/strong><\/p>\n<p><span style=\"color: #ff0000;\"><strong>Important<\/strong><\/span> : <strong>seul le personnel du Centre R\u00e9gional de Sauvegarde de la Faune Sauvage est form\u00e9 aux urgences animaux en d\u00e9tresse et pourra vous conseiller. Pour les animaux devant \u00eatre pris en charge vous serez mis en contact avec une personne form\u00e9e proche de chez vous. Ne pas contacter le bureau administratif ci-dessous ou les b\u00e9n\u00e9voles des groupes locaux. Ils ne sont pas habilit\u00e9s \u00e0 vous r\u00e9pondre lors de la d\u00e9couverte d&rsquo;un animal sauvage en d\u00e9tresse.<\/strong><\/p>\n<p><a href=\"https:\/\/paca.lpo.fr\/association-protection-nature-lpo-paca\/notre-action-en-paca\/alpes-maritimes\/contact\">Antenne LPO des Alpes-Maritimes<\/a><\/p>\n\n\n<p><\/p>\n","protected":false},"excerpt":{"rendered":"<p>CONTACTS LPO PACA POUR LES ALPES MARITIMES Faune sauvage en d\u00e9tresse : Vous avez trouv\u00e9 un animal sauvage et il semble en difficult\u00e9? Avant de contacter la LPO, merci de consulter nos fiches conseils : https:\/\/paca.lpo.fr\/soins-animaux\/conseiller\/fiches-conseils.\u00a0 Courriel : sos.paca@lpo.fr ou crsfs-paca@lpo.fr Num\u00e9ro de t\u00e9l\u00e9phone : 04 65 09 02 20 (tous d\u00e9partements PACA) Important : [&hellip;]<\/p>\n","protected":false},"author":1,"featured_media":0,"parent":0,"menu_order":2,"comment_status":"closed","ping_status":"closed","template":"","meta":{"footnotes":""},"class_list":["post-159","page","type-page","status-publish","hentry"],"_links":{"self":[{"href":"https:\/\/paca.lpo.fr\/blogs\/nice\/wp-json\/wp\/v2\/pages\/159","targetHints":{"allow":["GET"]}}],"collection":[{"href":"https:\/\/paca.lpo.fr\/blogs\/nice\/wp-json\/wp\/v2\/pages"}],"about":[{"href":"https:\/\/paca.lpo.fr\/blogs\/nice\/wp-json\/wp\/v2\/types\/page"}],"author":[{"embeddable":true,"href":"https:\/\/paca.lpo.fr\/blogs\/nice\/wp-json\/wp\/v2\/users\/1"}],"replies":[{"embeddable":true,"href":"https:\/\/paca.lpo.fr\/blogs\/nice\/wp-json\/wp\/v2\/comments?post=159"}],"version-history":[{"count":4,"href":"https:\/\/paca.lpo.fr\/blogs\/nice\/wp-json\/wp\/v2\/pages\/159\/revisions"}],"predecessor-version":[{"id":3500,"href":"https:\/\/paca.lpo.fr\/blogs\/nice\/wp-json\/wp\/v2\/pages\/159\/revisions\/3500"}],"wp:attachment":[{"href":"https:\/\/paca.lpo.fr\/blogs\/nice\/wp-json\/wp\/v2\/media?parent=159"}],"curies":[{"name":"wp","href":"https:\/\/api.w.org\/{rel}","templated":true}]}}