{"id":6,"date":"2012-05-29T15:16:36","date_gmt":"2012-05-29T14:16:36","guid":{"rendered":"https:\/\/paca.lpo.fr\/blogs\/nice\/?page_id=2"},"modified":"2024-01-24T17:46:56","modified_gmt":"2024-01-24T16:46:56","slug":"page-d-exemple-2","status":"publish","type":"page","link":"https:\/\/paca.lpo.fr\/blogs\/nice\/page-d-exemple-2\/","title":{"rendered":"Groupe Local Nice"},"content":{"rendered":"<p>Page en cours de cr\u00e9ation.<\/p>\n<p>Retrouvez les sorties et autres \u00e9v\u00e8nements LPO PACA sur\u00a0: <a href=\"http:\/\/paca.lpo.fr\/sorties-nature\/agenda\">http:\/\/paca.lpo.fr\/sorties-nature\/agenda<\/a><\/p>\n<p>Si vous souhaitez vous investir comme b\u00e9n\u00e9vole, et pour toute autre question, merci de contacter<\/p>\n<p><a href=\"mailto:nice@lpo.fr\"><strong>nice@lpo.fr<\/strong><\/a> \u00a0ou <a href=\"mailto:paca@lpo.fr\"><strong>paca@lpo.fr<\/strong><\/a><\/p>\n<p><strong><u>\u00a0<\/u><\/strong><\/p>\n","protected":false},"excerpt":{"rendered":"<p>Page en cours de cr\u00e9ation. Retrouvez les sorties et autres \u00e9v\u00e8nements LPO PACA sur\u00a0: http:\/\/paca.lpo.fr\/sorties-nature\/agenda Si vous souhaitez vous investir comme b\u00e9n\u00e9vole, et pour toute autre question, merci de contacter nice@lpo.fr \u00a0ou paca@lpo.fr \u00a0<\/p>\n","protected":false},"author":1,"featured_media":0,"parent":0,"menu_order":1,"comment_status":"closed","ping_status":"closed","template":"","meta":{"footnotes":""},"class_list":["post-6","page","type-page","status-publish","hentry"],"_links":{"self":[{"href":"https:\/\/paca.lpo.fr\/blogs\/nice\/wp-json\/wp\/v2\/pages\/6","targetHints":{"allow":["GET"]}}],"collection":[{"href":"https:\/\/paca.lpo.fr\/blogs\/nice\/wp-json\/wp\/v2\/pages"}],"about":[{"href":"https:\/\/paca.lpo.fr\/blogs\/nice\/wp-json\/wp\/v2\/types\/page"}],"author":[{"embeddable":true,"href":"https:\/\/paca.lpo.fr\/blogs\/nice\/wp-json\/wp\/v2\/users\/1"}],"replies":[{"embeddable":true,"href":"https:\/\/paca.lpo.fr\/blogs\/nice\/wp-json\/wp\/v2\/comments?post=6"}],"version-history":[{"count":3,"href":"https:\/\/paca.lpo.fr\/blogs\/nice\/wp-json\/wp\/v2\/pages\/6\/revisions"}],"predecessor-version":[{"id":3451,"href":"https:\/\/paca.lpo.fr\/blogs\/nice\/wp-json\/wp\/v2\/pages\/6\/revisions\/3451"}],"wp:attachment":[{"href":"https:\/\/paca.lpo.fr\/blogs\/nice\/wp-json\/wp\/v2\/media?parent=6"}],"curies":[{"name":"wp","href":"https:\/\/api.w.org\/{rel}","templated":true}]}}