{"id":8,"date":"2012-06-04T09:18:03","date_gmt":"2012-06-04T08:18:03","guid":{"rendered":"http:\/\/paca.lpo.fr\/blogs\/pays-aix\/?page_id=2"},"modified":"2025-02-03T16:28:01","modified_gmt":"2025-02-03T15:28:01","slug":"presentation","status":"publish","type":"page","link":"https:\/\/paca.lpo.fr\/blogs\/pays-aix\/presentation\/","title":{"rendered":"Groupe local Pays d&rsquo;Aix"},"content":{"rendered":"<p><strong>Pr\u00e9sentation du groupe<\/strong><\/p>\n<p>Le groupe est anim\u00e9 par un r\u00e9seau de b\u00e9n\u00e9voles \u0153uvrant pour :<\/p>\n<ul>\n<li>L\u2019am\u00e9lioration des connaissances scientifiques<\/li>\n<li>La diffusion permanente de ces connaissances<\/li>\n<li>La sauvegarde d\u2019esp\u00e8ces et de milieux menac\u00e9s<\/li>\n<li>L\u2019\u00e9ducation et la sensibilisation des publics \u00e0 la biodiversit\u00e9<\/li>\n<\/ul>\n\n\n<p><strong>Activit\u00e9s principales<\/strong><\/p>\n<ul>\n<li>Des animations grand public (conf\u00e9rences, diaporamas, sorties nature, stands)<\/li>\n<li>Des animations enfants<\/li>\n<li>La participation \u00e0 des enqu\u00eates ornithologiques (inventaires, comptages..),<br \/>\u00e0 des prospections, \u00e0 des \u00e9tudes naturalistes<\/li>\n<li>des actions de protection de milieux<\/li>\n<\/ul>\n<p>\u00a0<\/p>\n\n\n\n<p><strong>R\u00e9union\u00a0(jour, lieu et heure) :<\/strong><\/p>\n<p>Les r\u00e9unions ont lieu les 1er lundis de chaque mois, 19h, \u00e0 la Maison du Peuple de Gardanne .( de septembre \u00e0 juin ).<\/p>\n","protected":false},"excerpt":{"rendered":"<p>Pr\u00e9sentation du groupe Le groupe est anim\u00e9 par un r\u00e9seau de b\u00e9n\u00e9voles \u0153uvrant pour : L\u2019am\u00e9lioration des connaissances scientifiques La diffusion permanente de ces connaissances La sauvegarde d\u2019esp\u00e8ces et de milieux menac\u00e9s L\u2019\u00e9ducation et la sensibilisation des publics \u00e0 la biodiversit\u00e9<\/p>\n","protected":false},"author":129,"featured_media":0,"parent":0,"menu_order":1,"comment_status":"closed","ping_status":"closed","template":"","meta":{"footnotes":""},"class_list":["post-8","page","type-page","status-publish","hentry"],"_links":{"self":[{"href":"https:\/\/paca.lpo.fr\/blogs\/pays-aix\/wp-json\/wp\/v2\/pages\/8","targetHints":{"allow":["GET"]}}],"collection":[{"href":"https:\/\/paca.lpo.fr\/blogs\/pays-aix\/wp-json\/wp\/v2\/pages"}],"about":[{"href":"https:\/\/paca.lpo.fr\/blogs\/pays-aix\/wp-json\/wp\/v2\/types\/page"}],"author":[{"embeddable":true,"href":"https:\/\/paca.lpo.fr\/blogs\/pays-aix\/wp-json\/wp\/v2\/users\/129"}],"replies":[{"embeddable":true,"href":"https:\/\/paca.lpo.fr\/blogs\/pays-aix\/wp-json\/wp\/v2\/comments?post=8"}],"version-history":[{"count":4,"href":"https:\/\/paca.lpo.fr\/blogs\/pays-aix\/wp-json\/wp\/v2\/pages\/8\/revisions"}],"predecessor-version":[{"id":1747,"href":"https:\/\/paca.lpo.fr\/blogs\/pays-aix\/wp-json\/wp\/v2\/pages\/8\/revisions\/1747"}],"wp:attachment":[{"href":"https:\/\/paca.lpo.fr\/blogs\/pays-aix\/wp-json\/wp\/v2\/media?parent=8"}],"curies":[{"name":"wp","href":"https:\/\/api.w.org\/{rel}","templated":true}]}}