{"id":2,"date":"2012-06-22T11:13:01","date_gmt":"2012-06-22T10:13:01","guid":{"rendered":"http:\/\/paca.lpo.fr\/blogs\/pays-brianconnais\/?page_id=2"},"modified":"2025-08-09T14:57:20","modified_gmt":"2025-08-09T13:57:20","slug":"le-groupe-local","status":"publish","type":"page","link":"https:\/\/paca.lpo.fr\/blogs\/pays-brianconnais\/le-groupe-local\/","title":{"rendered":"Groupe local Pays Brian\u00e7onnais"},"content":{"rendered":"\n<h3 class=\"wp-block-heading\">Qui sommes-nous ?<\/h3>\n\n\n\n<div class=\"wp-block-media-text is-stacked-on-mobile\" style=\"grid-template-columns:44% auto\"><figure class=\"wp-block-media-text__media\"><img loading=\"lazy\" decoding=\"async\" width=\"768\" height=\"1024\" src=\"https:\/\/paca.lpo.fr\/blogs\/pays-brianconnais\/files\/2025\/08\/whatsapp-image-2025-08-09-at-15.41.45-1-1.jpeg\" alt=\"\" class=\"wp-image-2325 size-full\" srcset=\"https:\/\/paca.lpo.fr\/blogs\/pays-brianconnais\/files\/2025\/08\/whatsapp-image-2025-08-09-at-15.41.45-1-1.jpeg 768w, https:\/\/paca.lpo.fr\/blogs\/pays-brianconnais\/files\/2025\/08\/whatsapp-image-2025-08-09-at-15.41.45-1-1-576x768.jpeg 576w\" sizes=\"auto, (max-width: 768px) 100vw, 768px\" \/><\/figure><div class=\"wp-block-media-text__content\">\n<p>Les groupes locaux de la LPO sont des collectifs de b\u00e9n\u00e9voles engag\u00e9s dans la protection de la nature. Pr\u00e9sents sur tout le territoire, ils relaient les actions de la LPO \u00e0 l\u2019\u00e9chelle locale, favorisant une proximit\u00e9 avec les habitants et les acteurs du territoire. Leur mission : sensibiliser, informer et prot\u00e9ger la biodiversit\u00e9. Notre groupe local est aussi ce que nous en faisons, ce que nous voulons qu&rsquo;il soit\u00a0!<\/p>\n<\/div><\/div>\n\n\n\n<h2 class=\"wp-block-heading\">Nos actions<\/h2>\n\n\n\n<ul class=\"wp-block-list\">\n<li>Partager les connaissances naturalistes sur la faune, la flore, et les enjeux environnementaux locaux pour faire d\u00e9couvrir la biodiversit\u00e9, notamment l&rsquo;avifaune<\/li>\n\n\n\n<li>Animer la vie associative dans un esprit de convivialit\u00e9, en cr\u00e9ant du lien entre passionn\u00e9s de nature<\/li>\n\n\n\n<li>Initier des projets locaux adapt\u00e9s aux sp\u00e9cificit\u00e9s du Brian\u00e7onnais<\/li>\n\n\n\n<li>Faire conna\u00eetre la LPO ses objectifs, ses valeurs, ses actions.<\/li>\n\n\n\n<li>Relayer les actions r\u00e9gionales en soutenant les programmes de conservation port\u00e9s par la LPO r\u00e9gionale<\/li>\n<\/ul>\n\n\n\n<div class=\"wp-block-group is-nowrap is-layout-flex wp-container-core-group-is-layout-ad2f72ca wp-block-group-is-layout-flex\">\n<figure class=\"wp-block-image size-full is-resized\"><img loading=\"lazy\" decoding=\"async\" width=\"1024\" height=\"768\" src=\"https:\/\/paca.lpo.fr\/blogs\/pays-brianconnais\/files\/2025\/08\/whatsapp-image-2025-08-09-at-15.41.47-3.jpeg\" alt=\"\" class=\"wp-image-2324\" style=\"width:254px;height:auto\" srcset=\"https:\/\/paca.lpo.fr\/blogs\/pays-brianconnais\/files\/2025\/08\/whatsapp-image-2025-08-09-at-15.41.47-3.jpeg 1024w, https:\/\/paca.lpo.fr\/blogs\/pays-brianconnais\/files\/2025\/08\/whatsapp-image-2025-08-09-at-15.41.47-3-768x576.jpeg 768w\" sizes=\"auto, (max-width: 1024px) 100vw, 1024px\" \/><\/figure>\n\n\n\n<figure class=\"wp-block-image size-full is-resized\"><img loading=\"lazy\" decoding=\"async\" width=\"768\" height=\"1024\" src=\"https:\/\/paca.lpo.fr\/blogs\/pays-brianconnais\/files\/2025\/08\/whatsapp-image-2025-08-09-at-15.41.47-4.jpeg\" alt=\"\" class=\"wp-image-2326\" style=\"width:143px;height:auto\" srcset=\"https:\/\/paca.lpo.fr\/blogs\/pays-brianconnais\/files\/2025\/08\/whatsapp-image-2025-08-09-at-15.41.47-4.jpeg 768w, https:\/\/paca.lpo.fr\/blogs\/pays-brianconnais\/files\/2025\/08\/whatsapp-image-2025-08-09-at-15.41.47-4-576x768.jpeg 576w\" sizes=\"auto, (max-width: 768px) 100vw, 768px\" \/><\/figure>\n\n\n\n<figure class=\"wp-block-image size-full is-resized\"><img loading=\"lazy\" decoding=\"async\" width=\"1024\" height=\"768\" src=\"https:\/\/paca.lpo.fr\/blogs\/pays-brianconnais\/files\/2025\/08\/whatsapp-image-2025-08-09-at-15.41.47-2.jpeg\" alt=\"\" class=\"wp-image-2322\" style=\"width:254px;height:auto\" srcset=\"https:\/\/paca.lpo.fr\/blogs\/pays-brianconnais\/files\/2025\/08\/whatsapp-image-2025-08-09-at-15.41.47-2.jpeg 1024w, https:\/\/paca.lpo.fr\/blogs\/pays-brianconnais\/files\/2025\/08\/whatsapp-image-2025-08-09-at-15.41.47-2-768x576.jpeg 768w\" sizes=\"auto, (max-width: 1024px) 100vw, 1024px\" \/><\/figure>\n<\/div>\n\n\n\n<h3 class=\"wp-block-heading\">Nos activit\u00e9s<\/h3>\n\n\n\n<ul class=\"wp-block-list\">\n<li>Une r\u00e9union mensuelle en d\u00e9but de mois : \u00e9changes sur les observations r\u00e9centes, les enjeux du territoire, une pr\u00e9sentation naturaliste, puis un ap\u00e9ritif convivial.<\/li>\n\n\n\n<li>Sorties nature<\/li>\n\n\n\n<li>Comptages d&rsquo;oiseaux<\/li>\n\n\n\n<li>Sensibilisation du public<\/li>\n\n\n\n<li>Participation aux protocoles de suivi et aux actions de gestion de la r\u00e9serve naturelle r\u00e9gionale des Partias, co-g\u00e9r\u00e9e par la LPO<\/li>\n<\/ul>\n\n\n\n<h2 class=\"wp-block-heading\">Nos  valeurs<\/h2>\n\n\n\n<ul class=\"wp-block-list\">\n<li>Ouverture : pas besoin d\u2019\u00eatre expert \u2014 notre groupe est ouvert \u00e0 toutes les personnes curieuses ou passionn\u00e9es de nature.<\/li>\n\n\n\n<li>Convivialit\u00e9 : l\u2019ambiance est simple, chaleureuse, bienveillante et bas\u00e9e sur le partage<\/li>\n\n\n\n<li>Engagement : chacun participe selon ses comp\u00e9tences, ses envies et ses disponibilit\u00e9s.<\/li>\n<\/ul>\n\n\n\n<figure class=\"wp-block-image size-full\"><img loading=\"lazy\" decoding=\"async\" width=\"1024\" height=\"576\" src=\"https:\/\/paca.lpo.fr\/blogs\/pays-brianconnais\/files\/2025\/08\/whatsapp-image-2025-08-09-at-15.41.47-1-1-edited.jpeg\" alt=\"\" class=\"wp-image-2328\" srcset=\"https:\/\/paca.lpo.fr\/blogs\/pays-brianconnais\/files\/2025\/08\/whatsapp-image-2025-08-09-at-15.41.47-1-1-edited.jpeg 1024w, https:\/\/paca.lpo.fr\/blogs\/pays-brianconnais\/files\/2025\/08\/whatsapp-image-2025-08-09-at-15.41.47-1-1-edited-768x432.jpeg 768w\" sizes=\"auto, (max-width: 1024px) 100vw, 1024px\" \/><\/figure>\n","protected":false},"excerpt":{"rendered":"<p>Qui sommes-nous ? Les groupes locaux de la LPO sont des collectifs de b\u00e9n\u00e9voles engag\u00e9s dans la protection de la nature. Pr\u00e9sents sur tout le territoire, ils relaient les actions de la LPO \u00e0 l\u2019\u00e9chelle locale, favorisant une proximit\u00e9 avec les habitants et les acteurs du territoire. Leur mission : sensibiliser, informer et prot\u00e9ger la [&hellip;]<\/p>\n","protected":false},"author":1,"featured_media":1542,"parent":0,"menu_order":0,"comment_status":"closed","ping_status":"closed","template":"templates\/template-cover.php","meta":{"footnotes":""},"class_list":["post-2","page","type-page","status-publish","has-post-thumbnail","hentry"],"_links":{"self":[{"href":"https:\/\/paca.lpo.fr\/blogs\/pays-brianconnais\/wp-json\/wp\/v2\/pages\/2","targetHints":{"allow":["GET"]}}],"collection":[{"href":"https:\/\/paca.lpo.fr\/blogs\/pays-brianconnais\/wp-json\/wp\/v2\/pages"}],"about":[{"href":"https:\/\/paca.lpo.fr\/blogs\/pays-brianconnais\/wp-json\/wp\/v2\/types\/page"}],"author":[{"embeddable":true,"href":"https:\/\/paca.lpo.fr\/blogs\/pays-brianconnais\/wp-json\/wp\/v2\/users\/1"}],"replies":[{"embeddable":true,"href":"https:\/\/paca.lpo.fr\/blogs\/pays-brianconnais\/wp-json\/wp\/v2\/comments?post=2"}],"version-history":[{"count":4,"href":"https:\/\/paca.lpo.fr\/blogs\/pays-brianconnais\/wp-json\/wp\/v2\/pages\/2\/revisions"}],"predecessor-version":[{"id":2331,"href":"https:\/\/paca.lpo.fr\/blogs\/pays-brianconnais\/wp-json\/wp\/v2\/pages\/2\/revisions\/2331"}],"wp:featuredmedia":[{"embeddable":true,"href":"https:\/\/paca.lpo.fr\/blogs\/pays-brianconnais\/wp-json\/wp\/v2\/media\/1542"}],"wp:attachment":[{"href":"https:\/\/paca.lpo.fr\/blogs\/pays-brianconnais\/wp-json\/wp\/v2\/media?parent=2"}],"curies":[{"name":"wp","href":"https:\/\/api.w.org\/{rel}","templated":true}]}}