{"id":402,"date":"2016-01-21T09:15:03","date_gmt":"2016-01-21T09:15:03","guid":{"rendered":"http:\/\/paca.lpo.fr\/blogs\/pays-gapencais\/?page_id=402"},"modified":"2024-10-16T11:16:05","modified_gmt":"2024-10-16T11:16:05","slug":"agenda","status":"publish","type":"page","link":"https:\/\/paca.lpo.fr\/blogs\/pays-gapencais\/agenda\/","title":{"rendered":"Agenda 2024"},"content":{"rendered":"<p><strong>Le groupe local LPO Pays Gapen\u00e7ais a le plaisir de vous inviter \u00e0 ses diverses sorties ornithologiques, ouvertes \u00e0 tous !<\/strong><\/p>\n<p><strong>Quelles sont les prochaines dates ?<\/strong><\/p>\n<ul>\n<li>Mercredi 9 octobre : papillons nocturnes avec Alexandre et col\u00e9opt\u00e8res avec Maxime au site des Piles (rdv sur place \u00e0 17h)<\/li>\n<li>Samedi 12 octobre : prospection gypa\u00e8tes dans le D\u00e9voluy (renseignements et inscriptions aupr\u00e8s de Corinne)<\/li>\n<li>Samedi 12 octobre : Village des Sciences au Quattro \u00e0 Gap de 10h \u00e0 18H<\/li>\n<li>Mercredi 16 octobre : sortie \u00e0 Ch\u00e2teau-Arnoux, retenue de l&rsquo;Escale (rdv \u00e0 8h au centre nautique de Gap Sud)<\/li>\n<li>\n<p>Mardi 22 octobre : projection du film \u00ab L\u2019arbre qui cache la for\u00eat \u00bb au p\u00f4le universitaire, \u00e0 17h (info SAPN)<\/p>\n<\/li>\n<li>\n<p>Dimanche 3 novembre : chantier aux Piles gr\u00e2ce \u00e0 Jean-Yves qui propose d\u2019\u00e9laguer les arbres t\u00eatards. Possibilit\u00e9 de visite guid\u00e9e pour les nouveaux qui ne connaissent pas le site. RV \u00e0<br \/>10h sur place. Pique-nique \u00e9ventuel.<\/p>\n<\/li>\n<li>\n<p>Samedi 16 novembre : rencontre FAUNE PACA \u00e0 Alleins (13). Pour participer, inscrivez-vous sur ce lien : https:\/\/framaforms.org\/inscription-journee-faune-paca-1728379203<\/p>\n<\/li>\n<li>\n<p>Mercredi 20 novembre : sortie du groupe local \u00e0 R\u00e9muzat pour voir les vautours. RV \u00e0 8h sur le parking de la Cacahu\u00e8te pour covoiturage (1h45 de trajet)<\/p>\n<\/li>\n<\/ul>\n<p><strong>Comment se d\u00e9roule une sortie avec le groupe local ?<\/strong><\/p>\n<p>Nous nous retrouvons au lieu indiqu\u00e9 dans l&rsquo;agenda. Pensez \u00e0 prendre des jumelles si vous en avez, dans le cas contraire la LPO vous en pr\u00eatera, dans la mesure du possible. Vous n&rsquo;avez pas besoin d&rsquo;\u00eatre un sp\u00e9cialiste, nous sommes l\u00e0 pour partager nos connaissances mutuelles.<\/p>\n<p>Les sorties sont programm\u00e9es mois par mois et sont ouvertes \u00e0 tous. Elles ont lieu tous les mercredis en \u00e9t\u00e9 ainsi que certains dimanches. Au plaisir de vous rencontrer !\u00a0<\/p>\n\n","protected":false},"excerpt":{"rendered":"<p>Le groupe local LPO Pays Gapen\u00e7ais a le plaisir de vous inviter \u00e0 ses diverses sorties ornithologiques, ouvertes \u00e0 tous ! Quelles sont les prochaines dates ? Mercredi 9 octobre : papillons nocturnes avec Alexandre et col\u00e9opt\u00e8res avec Maxime au site des Piles (rdv sur place \u00e0 17h) Samedi 12 octobre : prospection gypa\u00e8tes dans [&hellip;]<\/p>\n","protected":false},"author":160,"featured_media":0,"parent":0,"menu_order":0,"comment_status":"closed","ping_status":"closed","template":"","meta":{"footnotes":""},"class_list":["post-402","page","type-page","status-publish","hentry"],"_links":{"self":[{"href":"https:\/\/paca.lpo.fr\/blogs\/pays-gapencais\/wp-json\/wp\/v2\/pages\/402","targetHints":{"allow":["GET"]}}],"collection":[{"href":"https:\/\/paca.lpo.fr\/blogs\/pays-gapencais\/wp-json\/wp\/v2\/pages"}],"about":[{"href":"https:\/\/paca.lpo.fr\/blogs\/pays-gapencais\/wp-json\/wp\/v2\/types\/page"}],"author":[{"embeddable":true,"href":"https:\/\/paca.lpo.fr\/blogs\/pays-gapencais\/wp-json\/wp\/v2\/users\/160"}],"replies":[{"embeddable":true,"href":"https:\/\/paca.lpo.fr\/blogs\/pays-gapencais\/wp-json\/wp\/v2\/comments?post=402"}],"version-history":[{"count":3,"href":"https:\/\/paca.lpo.fr\/blogs\/pays-gapencais\/wp-json\/wp\/v2\/pages\/402\/revisions"}],"predecessor-version":[{"id":1222,"href":"https:\/\/paca.lpo.fr\/blogs\/pays-gapencais\/wp-json\/wp\/v2\/pages\/402\/revisions\/1222"}],"wp:attachment":[{"href":"https:\/\/paca.lpo.fr\/blogs\/pays-gapencais\/wp-json\/wp\/v2\/media?parent=402"}],"curies":[{"name":"wp","href":"https:\/\/api.w.org\/{rel}","templated":true}]}}