{"id":402,"date":"2016-01-21T09:15:03","date_gmt":"2016-01-21T09:15:03","guid":{"rendered":"http:\/\/paca.lpo.fr\/blogs\/pays-gapencais\/?page_id=402"},"modified":"2024-10-16T11:16:05","modified_gmt":"2024-10-16T11:16:05","slug":"agenda","status":"publish","type":"page","link":"https:\/\/paca.lpo.fr\/blogs\/pays-gapencais\/agenda\/","title":{"rendered":"Agenda 2024"},"content":{"rendered":"<p><strong>Le groupe local LPO Pays Gapen\u00e7ais a le plaisir de vous inviter \u00e0 ses diverses sorties ornithologiques, ouvertes \u00e0 tous !<\/strong><\/p>\n<p><strong>Quelles sont les prochaines dates ?<\/strong><\/p>\n<ul>\n<li>Mercredi 9 octobre : papillons nocturnes avec Alexandre et col\u00e9opt\u00e8res avec Maxime au site des Piles (rdv sur place \u00e0 17h)<\/li>\n<li>Samedi 12 octobre : prospection gypa\u00e8tes dans le D\u00e9voluy (renseignements et inscriptions aupr\u00e8s de Corinne)<\/li>\n<li>Samedi 12 octobre : Village des Sciences au Quattro \u00e0 Gap de 10h \u00e0 18H<\/li>\n<li>Mercredi 16 octobre : sortie \u00e0 Ch\u00e2teau-Arnoux, retenue de l&rsquo;Escale (rdv \u00e0 8h au centre nautique de Gap Sud)<\/li>\n<li>\n<p>Mardi 22 octobre : projection du film \u00ab L\u2019arbre qui cache la for\u00eat \u00bb au p\u00f4le universitaire, \u00e0 17h (info SAPN)<\/p>\n<\/li>\n<li>\n<p>Dimanche 3 novembre : chantier aux Piles gr\u00e2ce \u00e0 Jean-Yves qui propose d\u2019\u00e9laguer les arbres t\u00eatards. Possibilit\u00e9 de visite guid\u00e9e pour les nouveaux qui ne connaissent pas le site. RV \u00e0<br \/>10h sur place. Pique-nique \u00e9ventuel.<\/p>\n<\/li>\n<li>\n<p>Samedi 16 novembre : rencontre FAUNE PACA \u00e0 Alleins (13). Pour participer, inscrivez-vous sur ce lien : https:\/\/framaforms.org\/inscription-journee-faune-paca-1728379203<\/p>\n<\/li>\n<li>\n<p>Mercredi 20 novembre : sortie du groupe local \u00e0 R\u00e9muzat pour voir les vautours. RV \u00e0 8h sur le parking de la Cacahu\u00e8te pour covoiturage (1h45 de trajet)<\/p>\n<\/li>\n<\/ul>\n<p><strong>Comment se d\u00e9roule une sortie avec le groupe local ?<\/strong><\/p>\n<p>Nous nous retrouvons au lieu indiqu\u00e9 dans l&rsquo;agenda. Pensez \u00e0 prendre des jumelles si vous en avez, dans le cas contraire la LPO vous en pr\u00eatera, dans la mesure du possible. Vous n&rsquo;avez pas besoin d&rsquo;\u00eatre un sp\u00e9cialiste, nous sommes l\u00e0 pour partager nos connaissances mutuelles.<\/p>\n<p>Les sorties sont programm\u00e9es mois par mois et sont ouvertes \u00e0 tous. Elles ont lieu tous les mercredis en \u00e9t\u00e9 ainsi que certains dimanches. Au plaisir de vous rencontrer !\u00a0<\/p>\n\n","protected":false},"excerpt":{"rendered":"<p>Le groupe local LPO Pays Gapen\u00e7ais a le plaisir de vous inviter \u00e0 ses diverses sorties ornithologiques, ouvertes \u00e0 tous ! Quelles sont les prochaines dates ? Mercredi 9 octobre : papillons nocturnes avec Alexandre et col\u00e9opt\u00e8res avec Maxime au site des Piles (rdv sur place \u00e0 17h) Samedi 12 octobre : prospection gypa\u00e8tes dans [&hellip;]<\/p>\n","protected":false},"author":160,"featured_media":0,"parent":0,"menu_order":0,"comment_status":"closed","ping_status":"closed","template":"","meta":{"footnotes":""},"class_list":["post-402","page","type-page","status-publish","hentry"],"yoast_head":"<!-- This site is optimized with the Yoast SEO plugin v28.3 - https:\/\/yoast.com\/product\/yoast-seo-wordpress\/ -->\n<title>Agenda 2024 - Groupe local Pays Gapen\u00e7ais<\/title>\n<meta name=\"robots\" content=\"index, follow, max-snippet:-1, max-image-preview:large, max-video-preview:-1\" \/>\n<link rel=\"canonical\" href=\"http:\/\/paca.lpo.fr\/blogs\/pays-gapencais\/agenda\/\" \/>\n<meta property=\"og:locale\" content=\"fr_FR\" \/>\n<meta property=\"og:type\" content=\"article\" \/>\n<meta property=\"og:title\" content=\"Agenda 2024 - Groupe local Pays Gapen\u00e7ais\" \/>\n<meta property=\"og:description\" content=\"Le groupe local LPO Pays Gapen\u00e7ais a le plaisir de vous inviter \u00e0 ses diverses sorties ornithologiques, ouvertes \u00e0 tous ! Quelles sont les prochaines dates ? Mercredi 9 octobre : papillons nocturnes avec Alexandre et col\u00e9opt\u00e8res avec Maxime au site des Piles (rdv sur place \u00e0 17h) Samedi 12 octobre : prospection gypa\u00e8tes dans [&hellip;]\" \/>\n<meta property=\"og:url\" content=\"http:\/\/paca.lpo.fr\/blogs\/pays-gapencais\/agenda\/\" \/>\n<meta property=\"og:site_name\" content=\"Groupe local Pays Gapen\u00e7ais\" \/>\n<meta property=\"article:modified_time\" content=\"2024-10-16T11:16:05+00:00\" \/>\n<meta name=\"twitter:card\" content=\"summary_large_image\" \/>\n<meta name=\"twitter:label1\" content=\"Dur\u00e9e de lecture estim\u00e9e\" \/>\n\t<meta name=\"twitter:data1\" content=\"1 minute\" \/>\n<script type=\"application\/ld+json\" class=\"yoast-schema-graph\">{\"@context\":\"https:\\\/\\\/schema.org\",\"@graph\":[{\"@type\":\"WebPage\",\"@id\":\"http:\\\/\\\/paca.lpo.fr\\\/blogs\\\/pays-gapencais\\\/agenda\\\/\",\"url\":\"http:\\\/\\\/paca.lpo.fr\\\/blogs\\\/pays-gapencais\\\/agenda\\\/\",\"name\":\"Agenda 2024 - Groupe local Pays Gapen\u00e7ais\",\"isPartOf\":{\"@id\":\"https:\\\/\\\/paca.lpo.fr\\\/blogs\\\/pays-gapencais\\\/#website\"},\"datePublished\":\"2016-01-21T09:15:03+00:00\",\"dateModified\":\"2024-10-16T11:16:05+00:00\",\"breadcrumb\":{\"@id\":\"http:\\\/\\\/paca.lpo.fr\\\/blogs\\\/pays-gapencais\\\/agenda\\\/#breadcrumb\"},\"inLanguage\":\"fr-FR\",\"potentialAction\":[{\"@type\":\"ReadAction\",\"target\":[\"http:\\\/\\\/paca.lpo.fr\\\/blogs\\\/pays-gapencais\\\/agenda\\\/\"]}]},{\"@type\":\"BreadcrumbList\",\"@id\":\"http:\\\/\\\/paca.lpo.fr\\\/blogs\\\/pays-gapencais\\\/agenda\\\/#breadcrumb\",\"itemListElement\":[{\"@type\":\"ListItem\",\"position\":1,\"name\":\"Accueil\",\"item\":\"https:\\\/\\\/paca.lpo.fr\\\/blogs\\\/pays-gapencais\\\/\"},{\"@type\":\"ListItem\",\"position\":2,\"name\":\"Agenda 2024\"}]},{\"@type\":\"WebSite\",\"@id\":\"https:\\\/\\\/paca.lpo.fr\\\/blogs\\\/pays-gapencais\\\/#website\",\"url\":\"https:\\\/\\\/paca.lpo.fr\\\/blogs\\\/pays-gapencais\\\/\",\"name\":\"Groupe local Pays Gapen\u00e7ais\",\"description\":\"Groupe local Pays Gapen\u00e7ais\",\"publisher\":{\"@id\":\"https:\\\/\\\/paca.lpo.fr\\\/blogs\\\/pays-gapencais\\\/#organization\"},\"potentialAction\":[{\"@type\":\"SearchAction\",\"target\":{\"@type\":\"EntryPoint\",\"urlTemplate\":\"https:\\\/\\\/paca.lpo.fr\\\/blogs\\\/pays-gapencais\\\/?s={search_term_string}\"},\"query-input\":{\"@type\":\"PropertyValueSpecification\",\"valueRequired\":true,\"valueName\":\"search_term_string\"}}],\"inLanguage\":\"fr-FR\"},{\"@type\":\"Organization\",\"@id\":\"https:\\\/\\\/paca.lpo.fr\\\/blogs\\\/pays-gapencais\\\/#organization\",\"name\":\"Groupe local Pays Gapen\u00e7ais\",\"url\":\"https:\\\/\\\/paca.lpo.fr\\\/blogs\\\/pays-gapencais\\\/\",\"logo\":{\"@type\":\"ImageObject\",\"inLanguage\":\"fr-FR\",\"@id\":\"https:\\\/\\\/paca.lpo.fr\\\/blogs\\\/pays-gapencais\\\/#\\\/schema\\\/logo\\\/image\\\/\",\"url\":\"https:\\\/\\\/paca.lpo.fr\\\/blogs\\\/pays-gapencais\\\/files\\\/2024\\\/01\\\/cropped-rvb-lpo-paca-logotype-signature-droite-mini-500.jpg\",\"contentUrl\":\"https:\\\/\\\/paca.lpo.fr\\\/blogs\\\/pays-gapencais\\\/files\\\/2024\\\/01\\\/cropped-rvb-lpo-paca-logotype-signature-droite-mini-500.jpg\",\"width\":500,\"height\":210,\"caption\":\"Groupe local Pays Gapen\u00e7ais\"},\"image\":{\"@id\":\"https:\\\/\\\/paca.lpo.fr\\\/blogs\\\/pays-gapencais\\\/#\\\/schema\\\/logo\\\/image\\\/\"}}]}<\/script>\n<!-- \/ Yoast SEO plugin. -->","yoast_head_json":{"title":"Agenda 2024 - Groupe local Pays Gapen\u00e7ais","robots":{"index":"index","follow":"follow","max-snippet":"max-snippet:-1","max-image-preview":"max-image-preview:large","max-video-preview":"max-video-preview:-1"},"canonical":"http:\/\/paca.lpo.fr\/blogs\/pays-gapencais\/agenda\/","og_locale":"fr_FR","og_type":"article","og_title":"Agenda 2024 - Groupe local Pays Gapen\u00e7ais","og_description":"Le groupe local LPO Pays Gapen\u00e7ais a le plaisir de vous inviter \u00e0 ses diverses sorties ornithologiques, ouvertes \u00e0 tous ! Quelles sont les prochaines dates ? Mercredi 9 octobre : papillons nocturnes avec Alexandre et col\u00e9opt\u00e8res avec Maxime au site des Piles (rdv sur place \u00e0 17h) Samedi 12 octobre : prospection gypa\u00e8tes dans [&hellip;]","og_url":"http:\/\/paca.lpo.fr\/blogs\/pays-gapencais\/agenda\/","og_site_name":"Groupe local Pays Gapen\u00e7ais","article_modified_time":"2024-10-16T11:16:05+00:00","twitter_card":"summary_large_image","twitter_misc":{"Dur\u00e9e de lecture estim\u00e9e":"1 minute"},"schema":{"@context":"https:\/\/schema.org","@graph":[{"@type":"WebPage","@id":"http:\/\/paca.lpo.fr\/blogs\/pays-gapencais\/agenda\/","url":"http:\/\/paca.lpo.fr\/blogs\/pays-gapencais\/agenda\/","name":"Agenda 2024 - Groupe local Pays Gapen\u00e7ais","isPartOf":{"@id":"https:\/\/paca.lpo.fr\/blogs\/pays-gapencais\/#website"},"datePublished":"2016-01-21T09:15:03+00:00","dateModified":"2024-10-16T11:16:05+00:00","breadcrumb":{"@id":"http:\/\/paca.lpo.fr\/blogs\/pays-gapencais\/agenda\/#breadcrumb"},"inLanguage":"fr-FR","potentialAction":[{"@type":"ReadAction","target":["http:\/\/paca.lpo.fr\/blogs\/pays-gapencais\/agenda\/"]}]},{"@type":"BreadcrumbList","@id":"http:\/\/paca.lpo.fr\/blogs\/pays-gapencais\/agenda\/#breadcrumb","itemListElement":[{"@type":"ListItem","position":1,"name":"Accueil","item":"https:\/\/paca.lpo.fr\/blogs\/pays-gapencais\/"},{"@type":"ListItem","position":2,"name":"Agenda 2024"}]},{"@type":"WebSite","@id":"https:\/\/paca.lpo.fr\/blogs\/pays-gapencais\/#website","url":"https:\/\/paca.lpo.fr\/blogs\/pays-gapencais\/","name":"Groupe local Pays Gapen\u00e7ais","description":"Groupe local Pays Gapen\u00e7ais","publisher":{"@id":"https:\/\/paca.lpo.fr\/blogs\/pays-gapencais\/#organization"},"potentialAction":[{"@type":"SearchAction","target":{"@type":"EntryPoint","urlTemplate":"https:\/\/paca.lpo.fr\/blogs\/pays-gapencais\/?s={search_term_string}"},"query-input":{"@type":"PropertyValueSpecification","valueRequired":true,"valueName":"search_term_string"}}],"inLanguage":"fr-FR"},{"@type":"Organization","@id":"https:\/\/paca.lpo.fr\/blogs\/pays-gapencais\/#organization","name":"Groupe local Pays Gapen\u00e7ais","url":"https:\/\/paca.lpo.fr\/blogs\/pays-gapencais\/","logo":{"@type":"ImageObject","inLanguage":"fr-FR","@id":"https:\/\/paca.lpo.fr\/blogs\/pays-gapencais\/#\/schema\/logo\/image\/","url":"https:\/\/paca.lpo.fr\/blogs\/pays-gapencais\/files\/2024\/01\/cropped-rvb-lpo-paca-logotype-signature-droite-mini-500.jpg","contentUrl":"https:\/\/paca.lpo.fr\/blogs\/pays-gapencais\/files\/2024\/01\/cropped-rvb-lpo-paca-logotype-signature-droite-mini-500.jpg","width":500,"height":210,"caption":"Groupe local Pays Gapen\u00e7ais"},"image":{"@id":"https:\/\/paca.lpo.fr\/blogs\/pays-gapencais\/#\/schema\/logo\/image\/"}}]}},"_links":{"self":[{"href":"https:\/\/paca.lpo.fr\/blogs\/pays-gapencais\/wp-json\/wp\/v2\/pages\/402","targetHints":{"allow":["GET"]}}],"collection":[{"href":"https:\/\/paca.lpo.fr\/blogs\/pays-gapencais\/wp-json\/wp\/v2\/pages"}],"about":[{"href":"https:\/\/paca.lpo.fr\/blogs\/pays-gapencais\/wp-json\/wp\/v2\/types\/page"}],"author":[{"embeddable":true,"href":"https:\/\/paca.lpo.fr\/blogs\/pays-gapencais\/wp-json\/wp\/v2\/users\/160"}],"replies":[{"embeddable":true,"href":"https:\/\/paca.lpo.fr\/blogs\/pays-gapencais\/wp-json\/wp\/v2\/comments?post=402"}],"version-history":[{"count":3,"href":"https:\/\/paca.lpo.fr\/blogs\/pays-gapencais\/wp-json\/wp\/v2\/pages\/402\/revisions"}],"predecessor-version":[{"id":1222,"href":"https:\/\/paca.lpo.fr\/blogs\/pays-gapencais\/wp-json\/wp\/v2\/pages\/402\/revisions\/1222"}],"wp:attachment":[{"href":"https:\/\/paca.lpo.fr\/blogs\/pays-gapencais\/wp-json\/wp\/v2\/media?parent=402"}],"curies":[{"name":"wp","href":"https:\/\/api.w.org\/{rel}","templated":true}]}}

<p><strong>Le groupe local LPO Pays Gapençais a le plaisir de vous inviter à ses diverses sorties ornithologiques, ouvertes à tous !</strong></p>
<p><strong>Quelles sont les prochaines dates ?</strong></p>
<ul>
<li>Mercredi 9 octobre : papillons nocturnes avec Alexandre et coléoptères avec Maxime au site des Piles (rdv sur place à 17h)</li>
<li>Samedi 12 octobre : prospection gypaètes dans le Dévoluy (renseignements et inscriptions auprès de Corinne)</li>
<li>Samedi 12 octobre : Village des Sciences au Quattro à Gap de 10h à 18H</li>
<li>Mercredi 16 octobre : sortie à Château-Arnoux, retenue de l&rsquo;Escale (rdv à 8h au centre nautique de Gap Sud)</li>
<li>
<p>Mardi 22 octobre : projection du film « L’arbre qui cache la forêt » au pôle universitaire, à 17h (info SAPN)</p>
</li>
<li>
<p>Dimanche 3 novembre : chantier aux Piles grâce à Jean-Yves qui propose d’élaguer les arbres têtards. Possibilité de visite guidée pour les nouveaux qui ne connaissent pas le site. RV à<br />10h sur place. Pique-nique éventuel.</p>
</li>
<li>
<p>Samedi 16 novembre : rencontre FAUNE PACA à Alleins (13). Pour participer, inscrivez-vous sur ce lien : https://framaforms.org/inscription-journee-faune-paca-1728379203</p>
</li>
<li>
<p>Mercredi 20 novembre : sortie du groupe local à Rémuzat pour voir les vautours. RV à 8h sur le parking de la Cacahuète pour covoiturage (1h45 de trajet)</p>
</li>
</ul>
<p><strong>Comment se déroule une sortie avec le groupe local ?</strong></p>
<p>Nous nous retrouvons au lieu indiqué dans l&rsquo;agenda. Pensez à prendre des jumelles si vous en avez, dans le cas contraire la LPO vous en prêtera, dans la mesure du possible. Vous n&rsquo;avez pas besoin d&rsquo;être un spécialiste, nous sommes là pour partager nos connaissances mutuelles.</p>
<p>Les sorties sont programmées mois par mois et sont ouvertes à tous. Elles ont lieu tous les mercredis en été ainsi que certains dimanches. Au plaisir de vous rencontrer ! </p>

<p>Le groupe local LPO Pays Gapençais a le plaisir de vous inviter à ses diverses sorties ornithologiques, ouvertes à tous ! Quelles sont les prochaines dates ? Mercredi 9 octobre : papillons nocturnes avec Alexandre et coléoptères avec Maxime au site des Piles (rdv sur place à 17h) Samedi 12 octobre : prospection gypaètes dans [&hellip;]</p>

<!-- This site is optimized with the Yoast SEO plugin v28.3 - https://yoast.com/product/yoast-seo-wordpress/ -->
<title>Agenda 2024 - Groupe local Pays Gapençais</title>
<meta name="robots" content="index, follow, max-snippet:-1, max-image-preview:large, max-video-preview:-1" />
<link rel="canonical" href="http://paca.lpo.fr/blogs/pays-gapencais/agenda/" />
<meta property="og:locale" content="fr_FR" />
<meta property="og:type" content="article" />
<meta property="og:title" content="Agenda 2024 - Groupe local Pays Gapençais" />
<meta property="og:description" content="Le groupe local LPO Pays Gapençais a le plaisir de vous inviter à ses diverses sorties ornithologiques, ouvertes à tous ! Quelles sont les prochaines dates ? Mercredi 9 octobre : papillons nocturnes avec Alexandre et coléoptères avec Maxime au site des Piles (rdv sur place à 17h) Samedi 12 octobre : prospection gypaètes dans [&hellip;]" />
<meta property="og:url" content="http://paca.lpo.fr/blogs/pays-gapencais/agenda/" />
<meta property="og:site_name" content="Groupe local Pays Gapençais" />
<meta property="article:modified_time" content="2024-10-16T11:16:05+00:00" />
<meta name="twitter:card" content="summary_large_image" />
<meta name="twitter:label1" content="Durée de lecture estimée" />
	<meta name="twitter:data1" content="1 minute" />
<script type="application/ld+json" class="yoast-schema-graph">{"@context":"https:\/\/schema.org","@graph":[{"@type":"WebPage","@id":"http:\/\/paca.lpo.fr\/blogs\/pays-gapencais\/agenda\/","url":"http:\/\/paca.lpo.fr\/blogs\/pays-gapencais\/agenda\/","name":"Agenda 2024 - Groupe local Pays Gapençais","isPartOf":{"@id":"https:\/\/paca.lpo.fr\/blogs\/pays-gapencais\/#website"},"datePublished":"2016-01-21T09:15:03+00:00","dateModified":"2024-10-16T11:16:05+00:00","breadcrumb":{"@id":"http:\/\/paca.lpo.fr\/blogs\/pays-gapencais\/agenda\/#breadcrumb"},"inLanguage":"fr-FR","potentialAction":[{"@type":"ReadAction","target":["http:\/\/paca.lpo.fr\/blogs\/pays-gapencais\/agenda\/"]}]},{"@type":"BreadcrumbList","@id":"http:\/\/paca.lpo.fr\/blogs\/pays-gapencais\/agenda\/#breadcrumb","itemListElement":[{"@type":"ListItem","position":1,"name":"Accueil","item":"https:\/\/paca.lpo.fr\/blogs\/pays-gapencais\/"},{"@type":"ListItem","position":2,"name":"Agenda 2024"}]},{"@type":"WebSite","@id":"https:\/\/paca.lpo.fr\/blogs\/pays-gapencais\/#website","url":"https:\/\/paca.lpo.fr\/blogs\/pays-gapencais\/","name":"Groupe local Pays Gapençais","description":"Groupe local Pays Gapençais","publisher":{"@id":"https:\/\/paca.lpo.fr\/blogs\/pays-gapencais\/#organization"},"potentialAction":[{"@type":"SearchAction","target":{"@type":"EntryPoint","urlTemplate":"https:\/\/paca.lpo.fr\/blogs\/pays-gapencais\/?s={search_term_string}"},"query-input":{"@type":"PropertyValueSpecification","valueRequired":true,"valueName":"search_term_string"}}],"inLanguage":"fr-FR"},{"@type":"Organization","@id":"https:\/\/paca.lpo.fr\/blogs\/pays-gapencais\/#organization","name":"Groupe local Pays Gapençais","url":"https:\/\/paca.lpo.fr\/blogs\/pays-gapencais\/","logo":{"@type":"ImageObject","inLanguage":"fr-FR","@id":"https:\/\/paca.lpo.fr\/blogs\/pays-gapencais\/#\/schema\/logo\/image\/","url":"https:\/\/paca.lpo.fr\/blogs\/pays-gapencais\/files\/2024\/01\/cropped-rvb-lpo-paca-logotype-signature-droite-mini-500.jpg","contentUrl":"https:\/\/paca.lpo.fr\/blogs\/pays-gapencais\/files\/2024\/01\/cropped-rvb-lpo-paca-logotype-signature-droite-mini-500.jpg","width":500,"height":210,"caption":"Groupe local Pays Gapençais"},"image":{"@id":"https:\/\/paca.lpo.fr\/blogs\/pays-gapencais\/#\/schema\/logo\/image\/"}}]}</script>
<!-- / Yoast SEO plugin. -->

Agenda 2024 - Groupe local Pays Gapençais

Le groupe local LPO Pays Gapençais a le plaisir de vous inviter à ses diverses sorties ornithologiques, ouvertes à tous ! Quelles sont les prochaines dates ? Mercredi 9 octobre : papillons nocturnes avec Alexandre et coléoptères avec Maxime au site des Piles (rdv sur place à 17h) Samedi 12 octobre : prospection gypaètes dans [&hellip;]

Groupe local Pays Gapençais
