{"id":2,"date":"2021-11-22T11:47:45","date_gmt":"2021-11-22T10:47:45","guid":{"rendered":"http:\/\/paca.lpo.fr\/blogs\/pays-salonais\/?page_id=2"},"modified":"2023-06-25T11:32:08","modified_gmt":"2023-06-25T09:32:08","slug":"page-d-exemple","status":"publish","type":"page","link":"https:\/\/paca.lpo.fr\/blogs\/pays-salonais\/page-d-exemple\/","title":{"rendered":"Groupe local du Pays Salonais"},"content":{"rendered":"\n<p>Le Groupe Local du Pays Salonais existe depuis novembre 2021. Il se compose de personnes et personnalit\u00e9s tr\u00e8s diverses, actifs et retrait\u00e9s, hommes et femmes, toutes et tous motiv\u00e9es pour contribuer \u00e0 la mission de la LPO, d\u00e9fendre la biodiversit\u00e9 et la faune sauvage.<\/p>\n\n\n\n<figure class=\"wp-block-image size-full\"><img loading=\"lazy\" decoding=\"async\" width=\"986\" height=\"657\" src=\"https:\/\/paca.lpo.fr\/blogs\/pays-salonais\/files\/2023\/06\/carte-territoire-glps.jpg\" alt=\"\" class=\"wp-image-289\" srcset=\"https:\/\/paca.lpo.fr\/blogs\/pays-salonais\/files\/2023\/06\/carte-territoire-glps.jpg 986w, https:\/\/paca.lpo.fr\/blogs\/pays-salonais\/files\/2023\/06\/carte-territoire-glps-768x512.jpg 768w\" sizes=\"auto, (max-width: 986px) 100vw, 986px\" \/><figcaption class=\"wp-element-caption\">Les communes couvertes par le Groupe Local du Pays Salonais<\/figcaption><\/figure>\n\n\n\n<p>Nous nous rencontrons une fois par mois (le 3\u00e8me jeudi) pour notre r\u00e9union technique, au cours de laquelle sont \u00e9voqu\u00e9es les actions men\u00e9es et les projets : participation \u00e0 des salons locaux en solo ou aux c\u00f4t\u00e9s de la LPO, participation \u00e0 des inventaires mis en place par la LPO ou les communes situ\u00e9es dans notre p\u00e9rim\u00e8tre, sorties naturalistes ouvertes au grand public, relais d&rsquo;actions nationales (ESOD),&#8230; et bien d&rsquo;autres choses encore !!<\/p>\n\n\n\n<figure class=\"wp-block-image size-full\"><img loading=\"lazy\" decoding=\"async\" width=\"1024\" height=\"768\" src=\"https:\/\/paca.lpo.fr\/blogs\/pays-salonais\/files\/2023\/06\/img-1174.jpg\" alt=\"\" class=\"wp-image-290\" srcset=\"https:\/\/paca.lpo.fr\/blogs\/pays-salonais\/files\/2023\/06\/img-1174.jpg 1024w, https:\/\/paca.lpo.fr\/blogs\/pays-salonais\/files\/2023\/06\/img-1174-768x576.jpg 768w\" sizes=\"auto, (max-width: 1024px) 100vw, 1024px\" \/><figcaption class=\"wp-element-caption\">Sortie du groupe au Parc de la Poudrerie entre St Chamas et Miramas<\/figcaption><\/figure>\n\n\n\n<p>Par exemple nous avons particip\u00e9 \u00e0 l&rsquo;inventaire de renouvellement du label Refuge LPO au Parc Animalier de La Barben, \u00e0 une formation aux oiseaux noctures organis\u00e9es par la LPO dans le cadre de l&rsquo;ABC (Atlas de Biodiversit\u00e9 Communale) des Alpilles. Nous avons programm\u00e9 notre participation au forum des Associations de Grans et Salon. <\/p>\n\n\n\n<figure class=\"wp-block-image size-full\"><img loading=\"lazy\" decoding=\"async\" width=\"1024\" height=\"683\" src=\"https:\/\/paca.lpo.fr\/blogs\/pays-salonais\/files\/2023\/06\/lpo-sortie-3juin2023-grebe-huppe-et-juveniles-1.jpg\" alt=\"\" class=\"wp-image-291\" srcset=\"https:\/\/paca.lpo.fr\/blogs\/pays-salonais\/files\/2023\/06\/lpo-sortie-3juin2023-grebe-huppe-et-juveniles-1.jpg 1024w, https:\/\/paca.lpo.fr\/blogs\/pays-salonais\/files\/2023\/06\/lpo-sortie-3juin2023-grebe-huppe-et-juveniles-1-768x512.jpg 768w\" sizes=\"auto, (max-width: 1024px) 100vw, 1024px\" \/><figcaption class=\"wp-element-caption\">Sortie grand public sur la Durance : gr\u00e8be hupp\u00e9 et sa petite famille<\/figcaption><\/figure>\n\n\n\n<p>Notre derni\u00e8re r\u00e9union de la saison a \u00e9t\u00e9 l&rsquo;occasion au mois de juin de cette ann\u00e9e de nous retrouver en bord de Durance, et d&rsquo;observer le ballet des gu\u00eapiers. Une merveille. N&rsquo;h\u00e9sitez pas \u00e0 nous rejoindre !!!<\/p>\n\n\n\n<figure class=\"wp-block-image size-full\"><img loading=\"lazy\" decoding=\"async\" width=\"1024\" height=\"621\" src=\"https:\/\/paca.lpo.fr\/blogs\/pays-salonais\/files\/2023\/06\/photo-groupe-juin-2023.jpg\" alt=\"\" class=\"wp-image-292\" srcset=\"https:\/\/paca.lpo.fr\/blogs\/pays-salonais\/files\/2023\/06\/photo-groupe-juin-2023.jpg 1024w, https:\/\/paca.lpo.fr\/blogs\/pays-salonais\/files\/2023\/06\/photo-groupe-juin-2023-768x466.jpg 768w\" sizes=\"auto, (max-width: 1024px) 100vw, 1024px\" \/><figcaption class=\"wp-element-caption\">Derni\u00e8re r\u00e9union en plein air..pour faire le plein d&rsquo;observations !!<\/figcaption><\/figure>\n\n\n\n<figure class=\"wp-block-image size-full\"><img loading=\"lazy\" decoding=\"async\" width=\"1024\" height=\"769\" src=\"https:\/\/paca.lpo.fr\/blogs\/pays-salonais\/files\/2023\/06\/photo-durance.jpg\" alt=\"\" class=\"wp-image-293\" srcset=\"https:\/\/paca.lpo.fr\/blogs\/pays-salonais\/files\/2023\/06\/photo-durance.jpg 1024w, https:\/\/paca.lpo.fr\/blogs\/pays-salonais\/files\/2023\/06\/photo-durance-768x577.jpg 768w\" sizes=\"auto, (max-width: 1024px) 100vw, 1024px\" \/><figcaption class=\"wp-element-caption\">Coucher de soleil sur la Durance<\/figcaption><\/figure>\n","protected":false},"excerpt":{"rendered":"<p>Le Groupe Local du Pays Salonais existe depuis novembre 2021. Il se compose de personnes et personnalit\u00e9s tr\u00e8s diverses, actifs et retrait\u00e9s, hommes et femmes, toutes et tous motiv\u00e9es pour contribuer \u00e0 la mission de la LPO, d\u00e9fendre la biodiversit\u00e9 et la faune sauvage. Nous nous rencontrons une fois par mois (le 3\u00e8me jeudi) pour [&hellip;]<\/p>\n","protected":false},"author":152,"featured_media":247,"parent":0,"menu_order":0,"comment_status":"closed","ping_status":"open","template":"","meta":{"footnotes":""},"class_list":["post-2","page","type-page","status-publish","has-post-thumbnail","hentry"],"_links":{"self":[{"href":"https:\/\/paca.lpo.fr\/blogs\/pays-salonais\/wp-json\/wp\/v2\/pages\/2","targetHints":{"allow":["GET"]}}],"collection":[{"href":"https:\/\/paca.lpo.fr\/blogs\/pays-salonais\/wp-json\/wp\/v2\/pages"}],"about":[{"href":"https:\/\/paca.lpo.fr\/blogs\/pays-salonais\/wp-json\/wp\/v2\/types\/page"}],"author":[{"embeddable":true,"href":"https:\/\/paca.lpo.fr\/blogs\/pays-salonais\/wp-json\/wp\/v2\/users\/152"}],"replies":[{"embeddable":true,"href":"https:\/\/paca.lpo.fr\/blogs\/pays-salonais\/wp-json\/wp\/v2\/comments?post=2"}],"version-history":[{"count":3,"href":"https:\/\/paca.lpo.fr\/blogs\/pays-salonais\/wp-json\/wp\/v2\/pages\/2\/revisions"}],"predecessor-version":[{"id":314,"href":"https:\/\/paca.lpo.fr\/blogs\/pays-salonais\/wp-json\/wp\/v2\/pages\/2\/revisions\/314"}],"wp:featuredmedia":[{"embeddable":true,"href":"https:\/\/paca.lpo.fr\/blogs\/pays-salonais\/wp-json\/wp\/v2\/media\/247"}],"wp:attachment":[{"href":"https:\/\/paca.lpo.fr\/blogs\/pays-salonais\/wp-json\/wp\/v2\/media?parent=2"}],"curies":[{"name":"wp","href":"https:\/\/api.w.org\/{rel}","templated":true}]}}

<p>Le Groupe Local du Pays Salonais existe depuis novembre 2021. Il se compose de personnes et personnalités très diverses, actifs et retraités, hommes et femmes, toutes et tous motivées pour contribuer à la mission de la LPO, défendre la biodiversité et la faune sauvage.</p>



<figure class="wp-block-image size-full"><img loading="lazy" decoding="async" width="986" height="657" src="https://paca.lpo.fr/blogs/pays-salonais/files/2023/06/carte-territoire-glps.jpg" alt="" class="wp-image-289" srcset="https://paca.lpo.fr/blogs/pays-salonais/files/2023/06/carte-territoire-glps.jpg 986w, https://paca.lpo.fr/blogs/pays-salonais/files/2023/06/carte-territoire-glps-768x512.jpg 768w" sizes="auto, (max-width: 986px) 100vw, 986px" /><figcaption class="wp-element-caption">Les communes couvertes par le Groupe Local du Pays Salonais</figcaption></figure>



<p>Nous nous rencontrons une fois par mois (le 3ème jeudi) pour notre réunion technique, au cours de laquelle sont évoquées les actions menées et les projets : participation à des salons locaux en solo ou aux côtés de la LPO, participation à des inventaires mis en place par la LPO ou les communes situées dans notre périmètre, sorties naturalistes ouvertes au grand public, relais d&rsquo;actions nationales (ESOD),&#8230; et bien d&rsquo;autres choses encore !!</p>



<figure class="wp-block-image size-full"><img loading="lazy" decoding="async" width="1024" height="768" src="https://paca.lpo.fr/blogs/pays-salonais/files/2023/06/img-1174.jpg" alt="" class="wp-image-290" srcset="https://paca.lpo.fr/blogs/pays-salonais/files/2023/06/img-1174.jpg 1024w, https://paca.lpo.fr/blogs/pays-salonais/files/2023/06/img-1174-768x576.jpg 768w" sizes="auto, (max-width: 1024px) 100vw, 1024px" /><figcaption class="wp-element-caption">Sortie du groupe au Parc de la Poudrerie entre St Chamas et Miramas</figcaption></figure>



<p>Par exemple nous avons participé à l&rsquo;inventaire de renouvellement du label Refuge LPO au Parc Animalier de La Barben, à une formation aux oiseaux noctures organisées par la LPO dans le cadre de l&rsquo;ABC (Atlas de Biodiversité Communale) des Alpilles. Nous avons programmé notre participation au forum des Associations de Grans et Salon. </p>



<figure class="wp-block-image size-full"><img loading="lazy" decoding="async" width="1024" height="683" src="https://paca.lpo.fr/blogs/pays-salonais/files/2023/06/lpo-sortie-3juin2023-grebe-huppe-et-juveniles-1.jpg" alt="" class="wp-image-291" srcset="https://paca.lpo.fr/blogs/pays-salonais/files/2023/06/lpo-sortie-3juin2023-grebe-huppe-et-juveniles-1.jpg 1024w, https://paca.lpo.fr/blogs/pays-salonais/files/2023/06/lpo-sortie-3juin2023-grebe-huppe-et-juveniles-1-768x512.jpg 768w" sizes="auto, (max-width: 1024px) 100vw, 1024px" /><figcaption class="wp-element-caption">Sortie grand public sur la Durance : grèbe huppé et sa petite famille</figcaption></figure>



<p>Notre dernière réunion de la saison a été l&rsquo;occasion au mois de juin de cette année de nous retrouver en bord de Durance, et d&rsquo;observer le ballet des guêpiers. Une merveille. N&rsquo;hésitez pas à nous rejoindre !!!</p>



<figure class="wp-block-image size-full"><img loading="lazy" decoding="async" width="1024" height="621" src="https://paca.lpo.fr/blogs/pays-salonais/files/2023/06/photo-groupe-juin-2023.jpg" alt="" class="wp-image-292" srcset="https://paca.lpo.fr/blogs/pays-salonais/files/2023/06/photo-groupe-juin-2023.jpg 1024w, https://paca.lpo.fr/blogs/pays-salonais/files/2023/06/photo-groupe-juin-2023-768x466.jpg 768w" sizes="auto, (max-width: 1024px) 100vw, 1024px" /><figcaption class="wp-element-caption">Dernière réunion en plein air..pour faire le plein d&rsquo;observations !!</figcaption></figure>



<figure class="wp-block-image size-full"><img loading="lazy" decoding="async" width="1024" height="769" src="https://paca.lpo.fr/blogs/pays-salonais/files/2023/06/photo-durance.jpg" alt="" class="wp-image-293" srcset="https://paca.lpo.fr/blogs/pays-salonais/files/2023/06/photo-durance.jpg 1024w, https://paca.lpo.fr/blogs/pays-salonais/files/2023/06/photo-durance-768x577.jpg 768w" sizes="auto, (max-width: 1024px) 100vw, 1024px" /><figcaption class="wp-element-caption">Coucher de soleil sur la Durance</figcaption></figure>

<p>Le Groupe Local du Pays Salonais existe depuis novembre 2021. Il se compose de personnes et personnalités très diverses, actifs et retraités, hommes et femmes, toutes et tous motivées pour contribuer à la mission de la LPO, défendre la biodiversité et la faune sauvage. Nous nous rencontrons une fois par mois (le 3ème jeudi) pour [&hellip;]</p>
