{"id":8,"date":"2012-05-11T15:37:56","date_gmt":"2012-05-11T14:37:56","guid":{"rendered":"http:\/\/paca.lpo.fr\/blogs\/ventoux\/?page_id=2"},"modified":"2023-11-12T16:14:37","modified_gmt":"2023-11-12T15:14:37","slug":"presentation","status":"publish","type":"page","link":"https:\/\/paca.lpo.fr\/blogs\/ventoux\/presentation\/","title":{"rendered":"GL Ventoux"},"content":{"rendered":"<div style=\"text-align: center\">Tu veux agir en faveur de la Faune Sauvage et soutenir les actions de la LPO Provence Alpes C\u00f4te d&rsquo;Azur ? Alors viens nous rejoindre au sein du Groupe Local Ventoux !<\/div>\n<div>\n<p style=\"text-align: center\">R\u00e9union le 1er Vendredi de chaque mois \u00e0 la Maison du Citoyen et de la Vie Associative, 35 Rue du Coll\u00e8ge \u00e0 CARPENTRAS<br \/>(de 18h00 \u00e0 20h30)<\/p>\n<\/div>\n\n\n<p><strong><span style=\"text-decoration: underline\">Pour information :<\/span><\/strong><\/p>\n<p>Les demandes de stage sont g\u00e9r\u00e9es par le si\u00e8ge de la LPO PACA et doivent \u00eatre adress\u00e9es \u00e0 <a href=\"mailto:paca@lpo.fr\">paca@lpo.fr<\/a>. Les stages sont effectu\u00e9s aupr\u00e8s des salari\u00e9s de l&rsquo;association, les Groupes Locaux \u00e9tant eux uniquement constitu\u00e9s de b\u00e9n\u00e9voles.<\/p>\n<p>\u00a0<\/p>\n","protected":false},"excerpt":{"rendered":"<p>Tu veux agir en faveur de la Faune Sauvage et soutenir les actions de la LPO Provence Alpes C\u00f4te d&rsquo;Azur ? Alors viens nous rejoindre au sein du Groupe Local Ventoux ! R\u00e9union le 1er Vendredi de chaque mois \u00e0 la Maison du Citoyen et de la Vie Associative, 35 Rue du Coll\u00e8ge \u00e0 CARPENTRAS(de [&hellip;]<\/p>\n","protected":false},"author":1,"featured_media":0,"parent":0,"menu_order":1,"comment_status":"closed","ping_status":"closed","template":"","meta":{"footnotes":""},"class_list":["post-8","page","type-page","status-publish","hentry"],"_links":{"self":[{"href":"https:\/\/paca.lpo.fr\/blogs\/ventoux\/wp-json\/wp\/v2\/pages\/8","targetHints":{"allow":["GET"]}}],"collection":[{"href":"https:\/\/paca.lpo.fr\/blogs\/ventoux\/wp-json\/wp\/v2\/pages"}],"about":[{"href":"https:\/\/paca.lpo.fr\/blogs\/ventoux\/wp-json\/wp\/v2\/types\/page"}],"author":[{"embeddable":true,"href":"https:\/\/paca.lpo.fr\/blogs\/ventoux\/wp-json\/wp\/v2\/users\/1"}],"replies":[{"embeddable":true,"href":"https:\/\/paca.lpo.fr\/blogs\/ventoux\/wp-json\/wp\/v2\/comments?post=8"}],"version-history":[{"count":3,"href":"https:\/\/paca.lpo.fr\/blogs\/ventoux\/wp-json\/wp\/v2\/pages\/8\/revisions"}],"predecessor-version":[{"id":1356,"href":"https:\/\/paca.lpo.fr\/blogs\/ventoux\/wp-json\/wp\/v2\/pages\/8\/revisions\/1356"}],"wp:attachment":[{"href":"https:\/\/paca.lpo.fr\/blogs\/ventoux\/wp-json\/wp\/v2\/media?parent=8"}],"curies":[{"name":"wp","href":"https:\/\/api.w.org\/{rel}","templated":true}]}}